CRAN Package Check Results for Package zzlite

Last updated on 2025-11-26 17:50:12 CET.

Flavor Version Tinstall Tcheck Ttotal Status Flags
r-devel-linux-x86_64-debian-clang 0.1.2 1.85 26.18 28.03 NOTE
r-devel-linux-x86_64-debian-gcc 0.1.2 1.56 20.56 22.12 NOTE
r-devel-linux-x86_64-fedora-clang 0.1.2 42.12 OK
r-devel-linux-x86_64-fedora-gcc 0.1.2 52.45 OK
r-devel-windows-x86_64 0.1.2 7.00 47.00 54.00 OK
r-patched-linux-x86_64 0.1.2 1.68 24.30 25.98 OK
r-release-linux-x86_64 0.1.2 1.64 24.29 25.93 OK
r-release-macos-arm64 0.1.2 OK
r-release-macos-x86_64 0.1.2 2.00 66.00 68.00 OK
r-release-windows-x86_64 0.1.2 4.00 57.00 61.00 OK
r-oldrel-macos-arm64 0.1.2 OK
r-oldrel-macos-x86_64 0.1.2 2.00 34.00 36.00 OK
r-oldrel-windows-x86_64 0.1.2 3.00 56.00 59.00 OK

Check Details

Version: 0.1.2
Check: CRAN incoming feasibility
Result: NOTE Maintainer: ‘Frederik Kok Hansen <frederik_kok@icloud.com>’ No Authors@R field in DESCRIPTION. Please add one, modifying Authors@R: person(given = c("Frederik", "Kok"), family = "Hansen", role = c("aut", "cre"), email = "frederik_kok@icloud.com") as necessary. Flavors: r-devel-linux-x86_64-debian-clang, r-devel-linux-x86_64-debian-gcc