CRAN Package Check Results for Package zenstats

Last updated on 2025-10-26 17:50:52 CET.

Flavor Version Tinstall Tcheck Ttotal Status Flags
r-devel-linux-x86_64-debian-clang 0.1.2 1.75 21.66 23.41 NOTE
r-devel-linux-x86_64-debian-gcc 0.1.2 1.42 17.63 19.05 NOTE
r-devel-linux-x86_64-fedora-clang 0.1.2 16.00 19.44 35.44 NOTE
r-devel-linux-x86_64-fedora-gcc 0.1.2 31.37 NOTE
r-devel-windows-x86_64 0.1.2 3.00 39.00 42.00 NOTE
r-patched-linux-x86_64 0.1.2 1.53 19.42 20.95 NOTE
r-release-linux-x86_64 0.1.2 1.85 19.68 21.53 NOTE
r-release-macos-arm64 0.1.2 1.00 15.00 16.00 NOTE
r-release-macos-x86_64 0.1.2 2.00 24.00 26.00 NOTE
r-release-windows-x86_64 0.1.2 5.00 42.00 47.00 NOTE
r-oldrel-macos-arm64 0.1.2 1.00 16.00 17.00 OK
r-oldrel-macos-x86_64 0.1.2 2.00 25.00 27.00 OK
r-oldrel-windows-x86_64 0.1.2 6.00 46.00 52.00 OK

Check Details

Version: 0.1.2
Check: DESCRIPTION meta-information
Result: NOTE Missing dependency on R >= 4.1.0 because package code uses the pipe |> or function shorthand \(...) syntax added in R 4.1.0. File(s) using such syntax: ‘deposit_stats.R’ ‘scrap_stats.R’ Flavors: r-devel-linux-x86_64-debian-clang, r-devel-linux-x86_64-debian-gcc, r-devel-linux-x86_64-fedora-clang, r-devel-linux-x86_64-fedora-gcc, r-devel-windows-x86_64, r-patched-linux-x86_64, r-release-linux-x86_64, r-release-macos-arm64, r-release-macos-x86_64, r-release-windows-x86_64