Last updated on 2025-11-26 21:48:59 CET.
| Flavor | Version | Tinstall | Tcheck | Ttotal | Status | Flags |
|---|---|---|---|---|---|---|
| r-devel-linux-x86_64-debian-clang | 2.1.2 | 10.42 | 86.86 | 97.28 | NOTE | |
| r-devel-linux-x86_64-debian-gcc | 2.1.2 | 7.63 | 59.68 | 67.31 | NOTE | |
| r-devel-linux-x86_64-fedora-clang | 2.1.2 | 21.00 | 131.74 | 152.74 | NOTE | |
| r-devel-linux-x86_64-fedora-gcc | 2.1.2 | 21.00 | 121.88 | 142.88 | NOTE | |
| r-devel-windows-x86_64 | 2.1.2 | 13.00 | 90.00 | 103.00 | NOTE | |
| r-patched-linux-x86_64 | 2.1.2 | 10.02 | 82.08 | 92.10 | NOTE | |
| r-release-linux-x86_64 | 2.1.2 | 10.02 | 82.91 | 92.93 | NOTE | |
| r-release-macos-arm64 | 2.1.2 | NOTE | ||||
| r-release-macos-x86_64 | 2.1.2 | 8.00 | 67.00 | 75.00 | NOTE | |
| r-release-windows-x86_64 | 2.1.2 | 13.00 | 107.00 | 120.00 | NOTE | |
| r-oldrel-macos-arm64 | 2.1.2 | NOTE | ||||
| r-oldrel-macos-x86_64 | 2.1.2 | 7.00 | 47.00 | 54.00 | NOTE | |
| r-oldrel-windows-x86_64 | 2.1.2 | 18.00 | 116.00 | 134.00 | NOTE |
Version: 2.1.2
Check: Rd files
Result: NOTE
checkRd: (-1) cat_sim.Rd:110: Lost braces; missing escapes or markup?
110 | \code{min} and {max} are mandatory for setting limits on the test length. User-defined
| ^
Flavors: r-devel-linux-x86_64-debian-clang, r-devel-linux-x86_64-debian-gcc, r-devel-linux-x86_64-fedora-clang, r-devel-linux-x86_64-fedora-gcc, r-devel-windows-x86_64, r-patched-linux-x86_64, r-release-linux-x86_64, r-release-macos-arm64, r-release-macos-x86_64, r-release-windows-x86_64, r-oldrel-macos-arm64, r-oldrel-macos-x86_64, r-oldrel-windows-x86_64