CRAN Package Check Results for Package xmlwriter

Last updated on 2025-11-26 09:51:33 CET.

Flavor Version Tinstall Tcheck Ttotal Status Flags
r-devel-linux-x86_64-debian-clang 0.1.1 23.41 30.65 54.06 NOTE
r-devel-linux-x86_64-debian-gcc 0.1.1 17.57 24.01 41.58 NOTE
r-devel-linux-x86_64-fedora-clang 0.1.1 48.00 44.81 92.81 NOTE
r-devel-linux-x86_64-fedora-gcc 0.1.1 38.00 49.68 87.68 NOTE
r-devel-windows-x86_64 0.1.1 37.00 66.00 103.00 NOTE
r-patched-linux-x86_64 0.1.1 25.89 26.92 52.81 NOTE
r-release-linux-x86_64 0.1.1 25.28 26.96 52.24 NOTE
r-release-macos-arm64 0.1.1 NOTE
r-release-macos-x86_64 0.1.1 10.00 28.00 38.00 NOTE
r-release-windows-x86_64 0.1.1 28.00 74.00 102.00 NOTE
r-oldrel-macos-arm64 0.1.1 OK
r-oldrel-macos-x86_64 0.1.1 12.00 26.00 38.00 OK
r-oldrel-windows-x86_64 0.1.1 33.00 77.00 110.00 OK

Check Details

Version: 0.1.1
Check: DESCRIPTION meta-information
Result: NOTE Missing dependency on R >= 4.1.0 because package code uses the pipe |> or function shorthand \(...) syntax added in R 4.1.0. File(s) using such syntax: ‘add_frag.R’ ‘data_frag.R’ ‘elem.Rd’ ‘list_as_xml_document.R’ ‘read_fragment.R’ ‘tag.R’ ‘write_xml.R’ ‘xml_fragment.R’ ‘xmlbuilder.R’ ‘xmlbuilder.Rd’ Flavors: r-devel-linux-x86_64-debian-clang, r-devel-linux-x86_64-debian-gcc, r-devel-linux-x86_64-fedora-clang, r-devel-linux-x86_64-fedora-gcc, r-devel-windows-x86_64, r-patched-linux-x86_64, r-release-linux-x86_64, r-release-macos-arm64, r-release-macos-x86_64, r-release-windows-x86_64