Last updated on 2025-10-26 13:50:14 CET.
| Flavor | Version | Tinstall | Tcheck | Ttotal | Status | Flags |
|---|---|---|---|---|---|---|
| r-devel-linux-x86_64-debian-clang | 0.9.0 | 2.61 | 31.04 | 33.65 | OK | |
| r-devel-linux-x86_64-debian-gcc | 0.9.0 | 2.22 | 23.33 | 25.55 | OK | |
| r-devel-linux-x86_64-fedora-clang | 0.9.0 | 17.00 | 35.65 | 52.65 | OK | |
| r-devel-linux-x86_64-fedora-gcc | 0.9.0 | 47.98 | OK | |||
| r-devel-windows-x86_64 | 0.9.0 | 7.00 | 51.00 | 58.00 | OK | |
| r-patched-linux-x86_64 | 0.9.0 | 2.70 | 30.38 | 33.08 | OK | |
| r-release-linux-x86_64 | 0.9.0 | 2.64 | 29.59 | 32.23 | OK | |
| r-release-macos-arm64 | 0.9.0 | 2.00 | 85.00 | 87.00 | OK | |
| r-release-macos-x86_64 | 0.9.0 | 3.00 | 52.00 | 55.00 | OK | |
| r-release-windows-x86_64 | 0.9.0 | 5.00 | 52.00 | 57.00 | OK | |
| r-oldrel-macos-arm64 | 0.9.0 | 2.00 | 65.00 | 67.00 | NOTE | |
| r-oldrel-macos-x86_64 | 0.9.0 | 3.00 | 50.00 | 53.00 | NOTE | |
| r-oldrel-windows-x86_64 | 0.9.0 | 5.00 | 56.00 | 61.00 | NOTE |
Version: 0.9.0
Check: installed package size
Result: NOTE
installed size is 11.8Mb
sub-directories of 1Mb or more:
java 11.7Mb
Flavors: r-oldrel-macos-arm64, r-oldrel-macos-x86_64, r-oldrel-windows-x86_64