Last updated on 2025-11-27 09:49:56 CET.
| Flavor | Version | Tinstall | Tcheck | Ttotal | Status | Flags |
|---|---|---|---|---|---|---|
| r-devel-linux-x86_64-debian-clang | 2.3-4 | 7.85 | 86.36 | 94.21 | NOTE | |
| r-devel-linux-x86_64-debian-gcc | 2.3-4 | 6.98 | 60.51 | 67.49 | NOTE | |
| r-devel-linux-x86_64-fedora-clang | 2.3-4 | 22.00 | 123.65 | 145.65 | OK | |
| r-devel-linux-x86_64-fedora-gcc | 2.3-4 | 19.00 | 115.98 | 134.98 | OK | |
| r-devel-windows-x86_64 | 2.3-4 | 24.00 | 89.00 | 113.00 | OK | |
| r-patched-linux-x86_64 | 2.3-4 | 8.90 | 80.01 | 88.91 | OK | |
| r-release-linux-x86_64 | 2.3-4 | 8.11 | 80.14 | 88.25 | OK | |
| r-release-macos-arm64 | 2.3-4 | OK | ||||
| r-release-macos-x86_64 | 2.3-4 | 6.00 | 60.00 | 66.00 | OK | |
| r-release-windows-x86_64 | 2.3-4 | 12.00 | 101.00 | 113.00 | OK | |
| r-oldrel-macos-arm64 | 2.3-4 | OK | ||||
| r-oldrel-macos-x86_64 | 2.3-4 | 5.00 | 47.00 | 52.00 | OK | |
| r-oldrel-windows-x86_64 | 2.3-4 | 16.00 | 117.00 | 133.00 | OK |
Version: 2.3-4
Check: CRAN incoming feasibility
Result: NOTE
Maintainer: ‘Hana Sevcikova <hanas@uw.edu>’
No Authors@R field in DESCRIPTION.
Please add one, modifying
Authors@R: person(given = "Hana",
family = "Sevcikova",
role = c("aut", "cre"),
email = "hanas@uw.edu")
as necessary.
Flavors: r-devel-linux-x86_64-debian-clang, r-devel-linux-x86_64-debian-gcc