Last updated on 2025-10-25 13:48:55 CEST.
| Flavor | Version | Tinstall | Tcheck | Ttotal | Status | Flags |
|---|---|---|---|---|---|---|
| r-devel-linux-x86_64-debian-clang | 0.0.5 | 14.96 | 88.73 | 103.69 | NOTE | |
| r-devel-linux-x86_64-debian-gcc | 0.0.5 | 8.14 | 66.32 | 74.46 | NOTE | |
| r-devel-linux-x86_64-fedora-clang | 0.0.5 | 69.00 | 98.72 | 167.72 | OK | |
| r-devel-linux-x86_64-fedora-gcc | 0.0.5 | 27.00 | 140.73 | 167.73 | OK | |
| r-devel-windows-x86_64 | 0.0.5 | 15.00 | 95.00 | 110.00 | OK | |
| r-patched-linux-x86_64 | 0.0.5 | 13.77 | 83.86 | 97.63 | NOTE | |
| r-release-linux-x86_64 | 0.0.5 | 10.81 | 83.44 | 94.25 | NOTE | |
| r-release-macos-arm64 | 0.0.5 | 5.00 | 39.00 | 44.00 | OK | |
| r-release-macos-x86_64 | 0.0.5 | 11.00 | 76.00 | 87.00 | OK | |
| r-release-windows-x86_64 | 0.0.5 | 17.00 | 95.00 | 112.00 | OK | |
| r-oldrel-macos-arm64 | 0.0.5 | 4.00 | 43.00 | 47.00 | OK | |
| r-oldrel-macos-x86_64 | 0.0.5 | 10.00 | 64.00 | 74.00 | OK | |
| r-oldrel-windows-x86_64 | 0.0.5 | 20.00 | 119.00 | 139.00 | OK |
Version: 0.0.5
Check: for unstated dependencies in ‘demo’
Result: NOTE
'library' or 'require' call not declared from: ‘shiny’
Flavors: r-devel-linux-x86_64-debian-clang, r-devel-linux-x86_64-debian-gcc, r-patched-linux-x86_64, r-release-linux-x86_64