Last updated on 2025-10-25 05:50:25 CEST.
| Flavor | Version | Tinstall | Tcheck | Ttotal | Status | Flags |
|---|---|---|---|---|---|---|
| r-devel-linux-x86_64-debian-clang | 1.1 | 3.92 | 32.51 | 36.43 | NOTE | |
| r-devel-linux-x86_64-debian-gcc | 1.1 | 2.75 | 24.90 | 27.65 | NOTE | |
| r-devel-linux-x86_64-fedora-clang | 1.1 | 23.00 | 34.17 | 57.17 | OK | |
| r-devel-linux-x86_64-fedora-gcc | 1.1 | 51.09 | OK | |||
| r-devel-windows-x86_64 | 1.1 | 4.00 | 50.00 | 54.00 | OK | |
| r-patched-linux-x86_64 | 1.1 | 3.21 | 30.67 | 33.88 | OK | |
| r-release-linux-x86_64 | 1.1 | 3.58 | 30.76 | 34.34 | OK | |
| r-release-macos-arm64 | 1.1 | 2.00 | 18.00 | 20.00 | OK | |
| r-release-macos-x86_64 | 1.1 | 4.00 | 30.00 | 34.00 | OK | |
| r-release-windows-x86_64 | 1.1 | 4.00 | 52.00 | 56.00 | OK | |
| r-oldrel-macos-arm64 | 1.1 | 2.00 | 17.00 | 19.00 | OK | |
| r-oldrel-macos-x86_64 | 1.1 | 3.00 | 25.00 | 28.00 | OK | |
| r-oldrel-windows-x86_64 | 1.1 | 7.00 | 54.00 | 61.00 | OK |
Version: 1.1
Check: CRAN incoming feasibility
Result: NOTE
Maintainer: ‘Neda Daneshgar<ne_da978@stu-mail.um.ac.ir>’
No Authors@R field in DESCRIPTION.
Please add one, modifying
Authors@R: c(person(given = "Neda",
family = "Daneshagr",
role = "aut"),
person(given = "Majid",
family = "Sarmad.",
role = "aut"),
person(given = "Neda",
family = "Daneshgar",
role = "cre",
email = "ne_da978@stu-mail.um.ac.ir"))
as necessary.
Flavors: r-devel-linux-x86_64-debian-clang, r-devel-linux-x86_64-debian-gcc