Last updated on 2025-10-25 13:48:55 CEST.
| Flavor | Version | Tinstall | Tcheck | Ttotal | Status | Flags |
|---|---|---|---|---|---|---|
| r-devel-linux-x86_64-debian-clang | 1.0.1 | 312.58 | 194.54 | 507.12 | OK | |
| r-devel-linux-x86_64-debian-gcc | 1.0.1 | 284.65 | 159.31 | 443.96 | OK | |
| r-devel-linux-x86_64-fedora-clang | 1.0.1 | 780.00 | -157.82 | 622.18 | OK | |
| r-devel-linux-x86_64-fedora-gcc | 1.0.1 | 960.00 | -33.88 | 926.12 | OK | |
| r-devel-windows-x86_64 | 1.0.1 | 354.00 | 214.00 | 568.00 | OK | |
| r-patched-linux-x86_64 | 1.0.1 | 378.52 | 217.68 | 596.20 | OK | |
| r-release-linux-x86_64 | 1.0.1 | 360.86 | 215.76 | 576.62 | OK | |
| r-release-macos-arm64 | 1.0.1 | 121.00 | 61.00 | 182.00 | OK | |
| r-release-macos-x86_64 | 1.0.1 | 157.00 | 139.00 | 296.00 | OK | |
| r-release-windows-x86_64 | 1.0.1 | 355.00 | 210.00 | 565.00 | OK | |
| r-oldrel-macos-arm64 | 1.0.1 | 64.00 | 42.00 | 106.00 | NOTE | |
| r-oldrel-macos-x86_64 | 1.0.1 | 62.00 | 71.00 | 133.00 | NOTE | |
| r-oldrel-windows-x86_64 | 1.0.1 | 403.00 | 276.00 | 679.00 | OK |
Version: 1.0.1
Check: installed package size
Result: NOTE
installed size is 57.6Mb
sub-directories of 1Mb or more:
libs 57.2Mb
Flavors: r-oldrel-macos-arm64, r-oldrel-macos-x86_64
Version: 1.0.1
Check: for GNU extensions in Makefiles
Result: NOTE
GNU make is a SystemRequirements.
Flavors: r-oldrel-macos-arm64, r-oldrel-macos-x86_64