Last updated on 2025-10-26 13:50:13 CET.
| Flavor | Version | Tinstall | Tcheck | Ttotal | Status | Flags |
|---|---|---|---|---|---|---|
| r-devel-linux-x86_64-debian-clang | 1.3.8 | 4.32 | 54.40 | 58.72 | OK | |
| r-devel-linux-x86_64-debian-gcc | 1.3.8 | 3.52 | 42.05 | 45.57 | OK | |
| r-devel-linux-x86_64-fedora-clang | 1.3.8 | 25.00 | 71.81 | 96.81 | OK | |
| r-devel-linux-x86_64-fedora-gcc | 1.3.8 | 11.00 | 95.69 | 106.69 | OK | |
| r-devel-windows-x86_64 | 1.3.8 | 7.00 | 70.00 | 77.00 | OK | |
| r-patched-linux-x86_64 | 1.3.8 | 5.02 | 51.25 | 56.27 | OK | |
| r-release-linux-x86_64 | 1.3.8 | 4.51 | 51.30 | 55.81 | OK | |
| r-release-macos-arm64 | 1.3.8 | 4.00 | 67.00 | 71.00 | OK | |
| r-release-macos-x86_64 | 1.3.8 | 4.00 | 86.00 | 90.00 | OK | |
| r-release-windows-x86_64 | 1.3.8 | 9.00 | 72.00 | 81.00 | OK | |
| r-oldrel-macos-arm64 | 1.3.8 | 2.00 | 37.00 | 39.00 | NOTE | |
| r-oldrel-macos-x86_64 | 1.3.8 | 3.00 | 57.00 | 60.00 | NOTE | |
| r-oldrel-windows-x86_64 | 1.3.8 | 9.00 | 81.00 | 90.00 | NOTE |
Version: 1.3.8
Check: package dependencies
Result: NOTE
Package suggested but not available for checking: ‘prepr’
Flavors: r-oldrel-macos-arm64, r-oldrel-macos-x86_64, r-oldrel-windows-x86_64