Last updated on 2025-10-25 09:49:50 CEST.
| Flavor | Version | Tinstall | Tcheck | Ttotal | Status | Flags |
|---|---|---|---|---|---|---|
| r-devel-linux-x86_64-debian-clang | 1.0 | 4.28 | 39.78 | 44.06 | OK | |
| r-devel-linux-x86_64-debian-gcc | 1.0 | 2.59 | 31.21 | 33.80 | OK | |
| r-devel-linux-x86_64-fedora-clang | 1.0 | 31.00 | 42.50 | 73.50 | NOTE | |
| r-devel-linux-x86_64-fedora-gcc | 1.0 | 78.98 | NOTE | |||
| r-devel-windows-x86_64 | 1.0 | 6.00 | 55.00 | 61.00 | OK | |
| r-patched-linux-x86_64 | 1.0 | 3.46 | 37.99 | 41.45 | OK | |
| r-release-linux-x86_64 | 1.0 | 3.94 | 37.59 | 41.53 | OK | |
| r-release-macos-arm64 | 1.0 | 2.00 | 26.00 | 28.00 | OK | |
| r-release-macos-x86_64 | 1.0 | 3.00 | 45.00 | 48.00 | OK | |
| r-release-windows-x86_64 | 1.0 | 7.00 | 58.00 | 65.00 | OK | |
| r-oldrel-macos-arm64 | 1.0 | 2.00 | 25.00 | 27.00 | OK | |
| r-oldrel-macos-x86_64 | 1.0 | 3.00 | 39.00 | 42.00 | OK | |
| r-oldrel-windows-x86_64 | 1.0 | 8.00 | 66.00 | 74.00 | OK |
Version: 1.0
Check: dependencies in R code
Result: NOTE
Namespace in Imports field not imported from: ‘survival’
All declared Imports should be used.
Flavors: r-devel-linux-x86_64-fedora-clang, r-devel-linux-x86_64-fedora-gcc