Last updated on 2025-10-26 13:50:13 CET.
| Flavor | Version | Tinstall | Tcheck | Ttotal | Status | Flags |
|---|---|---|---|---|---|---|
| r-devel-linux-x86_64-debian-clang | 0.1.0 | 16.31 | 138.93 | 155.24 | OK | |
| r-devel-linux-x86_64-debian-gcc | 0.1.0 | 11.61 | 101.09 | 112.70 | OK | |
| r-devel-linux-x86_64-fedora-clang | 0.1.0 | 114.00 | 138.94 | 252.94 | OK | |
| r-devel-linux-x86_64-fedora-gcc | 0.1.0 | 34.00 | 197.54 | 231.54 | OK | |
| r-devel-windows-x86_64 | 0.1.0 | 18.00 | 135.00 | 153.00 | OK | |
| r-patched-linux-x86_64 | 0.1.0 | 14.43 | 131.44 | 145.87 | OK | |
| r-release-linux-x86_64 | 0.1.0 | 15.45 | 133.47 | 148.92 | OK | |
| r-release-macos-arm64 | 0.1.0 | 8.00 | 60.00 | 68.00 | OK | |
| r-release-macos-x86_64 | 0.1.0 | 17.00 | 119.00 | 136.00 | OK | |
| r-release-windows-x86_64 | 0.1.0 | 18.00 | 138.00 | 156.00 | OK | |
| r-oldrel-macos-arm64 | 0.1.0 | 10.00 | 63.00 | 73.00 | NOTE | |
| r-oldrel-macos-x86_64 | 0.1.0 | 19.00 | 123.00 | 142.00 | NOTE | |
| r-oldrel-windows-x86_64 | 0.1.0 | 24.00 | 171.00 | 195.00 | OK |
Version: 0.1.0
Check: installed package size
Result: NOTE
installed size is 5.4Mb
sub-directories of 1Mb or more:
data 5.3Mb
Flavors: r-oldrel-macos-arm64, r-oldrel-macos-x86_64