CRAN Package Check Results for Package vroom

Last updated on 2025-11-26 17:50:11 CET.

Flavor Version Tinstall Tcheck Ttotal Status Flags
r-devel-linux-x86_64-debian-clang 1.6.6 104.43 110.80 215.23 WARN
r-devel-linux-x86_64-debian-gcc 1.6.6 85.66 92.59 178.25 WARN
r-devel-linux-x86_64-fedora-clang 1.6.6 163.00 186.81 349.81 WARN
r-devel-linux-x86_64-fedora-gcc 1.6.6 245.00 159.64 404.64 WARN
r-devel-windows-x86_64 1.6.6 173.00 147.00 320.00 WARN
r-patched-linux-x86_64 1.6.6 118.70 105.11 223.81 NOTE
r-release-linux-x86_64 1.6.6 121.39 104.39 225.78 NOTE
r-release-macos-arm64 1.6.6 NOTE
r-release-macos-x86_64 1.6.6 40.00 101.00 141.00 NOTE
r-release-windows-x86_64 1.6.6 152.00 164.00 316.00 NOTE
r-oldrel-macos-arm64 1.6.6 NOTE
r-oldrel-macos-x86_64 1.6.6 46.00 118.00 164.00 NOTE
r-oldrel-windows-x86_64 1.6.6 183.00 190.00 373.00 OK

Additional issues

rchk

Check Details

Version: 1.6.6
Check: compiled code
Result: WARN File ‘vroom/libs/vroom.so’: Found non-API calls to R: ‘DATAPTR’, ‘SETLENGTH’, ‘SET_TRUELENGTH’, ‘STDVEC_DATAPTR’ These entry points may be removed soon: ‘STDVEC_DATAPTR’, ‘DATAPTR’ Compiled code should not call non-API entry points in R. See ‘Writing portable packages’ in the ‘Writing R Extensions’ manual, and section ‘Moving into C API compliance’ for issues with the use of non-API entry points. Flavors: r-devel-linux-x86_64-debian-clang, r-devel-linux-x86_64-debian-gcc, r-devel-linux-x86_64-fedora-gcc

Version: 1.6.6
Check: compiled code
Result: WARN File ‘vroom/libs/vroom.so’: Found non-API calls to R: ‘DATAPTR’, ‘SETLENGTH’, ‘SET_TRUELENGTH’, ‘STDVEC_DATAPTR’ This entry point may be removed soon: ‘STDVEC_DATAPTR’ Compiled code should not call non-API entry points in R. See ‘Writing portable packages’ in the ‘Writing R Extensions’ manual, and section ‘Moving into C API compliance’ for issues with the use of non-API entry points. Flavor: r-devel-linux-x86_64-fedora-clang

Version: 1.6.6
Check: compiled code
Result: WARN File 'vroom/libs/x64/vroom.dll': Found non-API calls to R: 'DATAPTR', 'SETLENGTH', 'SET_TRUELENGTH', 'STDVEC_DATAPTR' This entry point may be removed soon: 'STDVEC_DATAPTR' Compiled code should not call non-API entry points in R. See 'Writing portable packages' in the 'Writing R Extensions' manual, and section 'Moving into C API compliance' for issues with the use of non-API entry points. Flavor: r-devel-windows-x86_64

Version: 1.6.6
Check: compiled code
Result: NOTE File ‘vroom/libs/vroom.so’: Found non-API calls to R: ‘DATAPTR’, ‘SETLENGTH’, ‘SET_TRUELENGTH’, ‘STDVEC_DATAPTR’ Compiled code should not call non-API entry points in R. See ‘Writing portable packages’ in the ‘Writing R Extensions’ manual, and section ‘Moving into C API compliance’ for issues with the use of non-API entry points. Flavors: r-patched-linux-x86_64, r-release-linux-x86_64, r-release-macos-arm64, r-release-macos-x86_64

Version: 1.6.6
Check: compiled code
Result: NOTE File 'vroom/libs/x64/vroom.dll': Found non-API calls to R: 'DATAPTR', 'SETLENGTH', 'SET_TRUELENGTH', 'STDVEC_DATAPTR' Compiled code should not call non-API entry points in R. See 'Writing portable packages' in the 'Writing R Extensions' manual, and section 'Moving into C API compliance' for issues with the use of non-API entry points. Flavor: r-release-windows-x86_64

Version: 1.6.6
Check: installed package size
Result: NOTE installed size is 10.0Mb sub-directories of 1Mb or more: libs 8.5Mb Flavors: r-oldrel-macos-arm64, r-oldrel-macos-x86_64