Last updated on 2025-10-26 05:50:17 CET.
| Flavor | Version | Tinstall | Tcheck | Ttotal | Status | Flags |
|---|---|---|---|---|---|---|
| r-devel-linux-x86_64-debian-clang | 0.1.0 | 5.46 | 243.10 | 248.56 | OK | |
| r-devel-linux-x86_64-debian-gcc | 0.1.0 | 4.32 | 145.63 | 149.95 | OK | |
| r-devel-linux-x86_64-fedora-clang | 0.1.0 | 37.00 | 387.10 | 424.10 | NOTE | |
| r-devel-linux-x86_64-fedora-gcc | 0.1.0 | 13.00 | 377.57 | 390.57 | NOTE | |
| r-devel-windows-x86_64 | 0.1.0 | 8.00 | 208.00 | 216.00 | OK | |
| r-patched-linux-x86_64 | 0.1.0 | 6.24 | 227.21 | 233.45 | OK | |
| r-release-linux-x86_64 | 0.1.0 | 5.65 | 229.78 | 235.43 | OK | |
| r-release-macos-arm64 | 0.1.0 | 2.00 | 92.00 | 94.00 | OK | |
| r-release-macos-x86_64 | 0.1.0 | 4.00 | 185.00 | 189.00 | OK | |
| r-release-windows-x86_64 | 0.1.0 | 8.00 | 207.00 | 215.00 | OK | |
| r-oldrel-macos-arm64 | 0.1.0 | 3.00 | 93.00 | 96.00 | OK | |
| r-oldrel-macos-x86_64 | 0.1.0 | 6.00 | 149.00 | 155.00 | OK | |
| r-oldrel-windows-x86_64 | 0.1.0 | 11.00 | 288.00 | 299.00 | OK |
Version: 0.1.0
Check: dependencies in R code
Result: NOTE
Namespaces in Imports field not imported from:
‘mclust’ ‘rlang’
All declared Imports should be used.
Flavors: r-devel-linux-x86_64-fedora-clang, r-devel-linux-x86_64-fedora-gcc