Last updated on 2025-10-26 01:50:06 CEST.
| Flavor | Version | Tinstall | Tcheck | Ttotal | Status | Flags |
|---|---|---|---|---|---|---|
| r-devel-linux-x86_64-debian-clang | 0.1.1 | 1.56 | 19.96 | 21.52 | NOTE | |
| r-devel-linux-x86_64-debian-gcc | 0.1.1 | 1.36 | 16.93 | 18.29 | NOTE | |
| r-devel-linux-x86_64-fedora-clang | 0.1.1 | 32.99 | NOTE | |||
| r-devel-linux-x86_64-fedora-gcc | 0.1.1 | 30.63 | NOTE | |||
| r-devel-windows-x86_64 | 0.1.1 | 3.00 | 38.00 | 41.00 | NOTE | |
| r-patched-linux-x86_64 | 0.1.1 | 1.63 | 18.85 | 20.48 | NOTE | |
| r-release-linux-x86_64 | 0.1.1 | 1.54 | 18.64 | 20.18 | NOTE | |
| r-release-macos-arm64 | 0.1.1 | 1.00 | 15.00 | 16.00 | NOTE | |
| r-release-macos-x86_64 | 0.1.1 | 1.00 | 21.00 | 22.00 | NOTE | |
| r-release-windows-x86_64 | 0.1.1 | 4.00 | 40.00 | 44.00 | NOTE | |
| r-oldrel-macos-arm64 | 0.1.1 | 1.00 | 13.00 | 14.00 | NOTE | |
| r-oldrel-macos-x86_64 | 0.1.1 | 1.00 | 19.00 | 20.00 | NOTE | |
| r-oldrel-windows-x86_64 | 0.1.1 | 4.00 | 45.00 | 49.00 | NOTE |
Version: 0.1.1
Check: Rd files
Result: NOTE
checkRd: (-1) vietnamcode.Rd:28: Lost braces in \itemize; meant \describe ?
checkRd: (-1) vietnamcode.Rd:29: Lost braces in \itemize; meant \describe ?
checkRd: (-1) vietnamcode_data.Rd:10: Lost braces in \itemize; meant \describe ?
checkRd: (-1) vietnamcode_data.Rd:11: Lost braces in \itemize; meant \describe ?
checkRd: (-1) vietnamcode_data.Rd:12: Lost braces in \itemize; meant \describe ?
checkRd: (-1) vietnamcode_data.Rd:13: Lost braces in \itemize; meant \describe ?
checkRd: (-1) vietnamcode_data.Rd:14: Lost braces in \itemize; meant \describe ?
checkRd: (-1) vietnamcode_data.Rd:15: Lost braces in \itemize; meant \describe ?
checkRd: (-1) vietnamcode_data.Rd:16: Lost braces in \itemize; meant \describe ?
Flavors: r-devel-linux-x86_64-debian-clang, r-devel-linux-x86_64-debian-gcc, r-devel-linux-x86_64-fedora-clang, r-devel-linux-x86_64-fedora-gcc, r-devel-windows-x86_64, r-patched-linux-x86_64, r-release-linux-x86_64, r-release-macos-arm64, r-release-macos-x86_64, r-release-windows-x86_64, r-oldrel-macos-arm64, r-oldrel-macos-x86_64, r-oldrel-windows-x86_64