Last updated on 2025-10-25 13:48:54 CEST.
| Flavor | Version | Tinstall | Tcheck | Ttotal | Status | Flags |
|---|---|---|---|---|---|---|
| r-devel-linux-x86_64-debian-clang | 0.4 | 7.78 | 90.32 | 98.10 | OK | |
| r-devel-linux-x86_64-debian-gcc | 0.4 | 5.75 | 71.33 | 77.08 | OK | |
| r-devel-linux-x86_64-fedora-clang | 0.4 | 51.00 | 105.70 | 156.70 | OK | |
| r-devel-linux-x86_64-fedora-gcc | 0.4 | 16.00 | 128.91 | 144.91 | OK | |
| r-devel-windows-x86_64 | 0.4 | 8.00 | 95.00 | 103.00 | OK | |
| r-patched-linux-x86_64 | 0.4 | 7.41 | 87.06 | 94.47 | OK | |
| r-release-linux-x86_64 | 0.4 | 7.69 | 88.51 | 96.20 | OK | |
| r-release-macos-arm64 | 0.4 | 4.00 | 44.00 | 48.00 | OK | |
| r-release-macos-x86_64 | 0.4 | 7.00 | 68.00 | 75.00 | OK | |
| r-release-windows-x86_64 | 0.4 | 10.00 | 96.00 | 106.00 | OK | |
| r-oldrel-macos-arm64 | 0.4 | 3.00 | 42.00 | 45.00 | NOTE | |
| r-oldrel-macos-x86_64 | 0.4 | 8.00 | 59.00 | 67.00 | NOTE | |
| r-oldrel-windows-x86_64 | 0.4 | 12.00 | 120.00 | 132.00 | NOTE |
Version: 0.4
Check: LazyData
Result: NOTE
'LazyData' is specified without a 'data' directory
Flavors: r-oldrel-macos-arm64, r-oldrel-macos-x86_64, r-oldrel-windows-x86_64