CRAN Package Check Results for Package valmetrics

Last updated on 2025-10-26 13:50:13 CET.

Flavor Version Tinstall Tcheck Ttotal Status Flags
r-devel-linux-x86_64-debian-clang 1.0.0 2.20 25.82 28.02 OK
r-devel-linux-x86_64-debian-gcc 1.0.0 1.69 21.04 22.73 OK
r-devel-linux-x86_64-fedora-clang 1.0.0 43.06 OK
r-devel-linux-x86_64-fedora-gcc 1.0.0 54.64 OK
r-devel-windows-x86_64 1.0.0 4.00 50.00 54.00 OK
r-patched-linux-x86_64 1.0.0 2.66 24.50 27.16 OK
r-release-linux-x86_64 1.0.0 2.02 24.47 26.49 OK
r-release-macos-arm64 1.0.0 1.00 23.00 24.00 OK
r-release-macos-x86_64 1.0.0 2.00 38.00 40.00 OK
r-release-windows-x86_64 1.0.0 3.00 52.00 55.00 OK
r-oldrel-macos-arm64 1.0.0 1.00 21.00 22.00 NOTE
r-oldrel-macos-x86_64 1.0.0 2.00 30.00 32.00 NOTE
r-oldrel-windows-x86_64 1.0.0 4.00 59.00 63.00 NOTE

Check Details

Version: 1.0.0
Check: LazyData
Result: NOTE 'LazyData' is specified without a 'data' directory Flavors: r-oldrel-macos-arm64, r-oldrel-macos-x86_64, r-oldrel-windows-x86_64