Last updated on 2025-10-26 17:50:51 CET.
| Flavor | Version | Tinstall | Tcheck | Ttotal | Status | Flags |
|---|---|---|---|---|---|---|
| r-devel-linux-x86_64-debian-clang | 3.11.4 | 7.47 | 351.15 | 358.62 | NOTE | |
| r-devel-linux-x86_64-debian-gcc | 3.11.4 | 6.45 | 230.15 | 236.60 | NOTE | |
| r-devel-linux-x86_64-fedora-clang | 3.11.4 | 18.00 | 339.65 | 357.65 | NOTE | |
| r-devel-linux-x86_64-fedora-gcc | 3.11.4 | 34.00 | 532.54 | 566.54 | NOTE | |
| r-devel-windows-x86_64 | 3.11.4 | 13.00 | 398.00 | 411.00 | OK | |
| r-patched-linux-x86_64 | 3.11.4 | 12.42 | 332.96 | 345.38 | OK | |
| r-release-linux-x86_64 | 3.11.4 | 7.95 | 335.54 | 343.49 | OK | |
| r-release-macos-arm64 | 3.11.4 | 6.00 | 159.00 | 165.00 | OK | |
| r-release-macos-x86_64 | 3.11.4 | 8.00 | 344.00 | 352.00 | OK | |
| r-release-windows-x86_64 | 3.11.4 | 14.00 | 410.00 | 424.00 | OK | |
| r-oldrel-macos-arm64 | 3.11.4 | 5.00 | 147.00 | 152.00 | OK | |
| r-oldrel-macos-x86_64 | 3.11.4 | 12.00 | 309.00 | 321.00 | OK | |
| r-oldrel-windows-x86_64 | 3.11.4 | 16.00 | 531.00 | 547.00 | OK |
Version: 3.11.4
Check: Rd files
Result: NOTE
checkRd: (-1) identify.Rd:32-49: Only 4 columns allowed in this table (row 1 has 3)
checkRd: (-1) identify.Rd:32-49: Only 4 columns allowed in this table (row 4 has 1)
checkRd: (-1) ursa_as.Rd:27-45: Only 3 columns allowed in this table (row 1 has 2)
checkRd: (-1) ursa_as.Rd:27-45: Only 3 columns allowed in this table (row 2 has 2)
checkRd: (-1) ursa_as.Rd:27-45: Only 3 columns allowed in this table (row 3 has 2)
checkRd: (-1) ursa_as.Rd:27-45: Only 3 columns allowed in this table (row 4 has 2)
checkRd: (-1) ursa_as.Rd:27-45: Only 3 columns allowed in this table (row 5 has 2)
checkRd: (-1) ursa_as.Rd:27-45: Only 3 columns allowed in this table (row 6 has 2)
checkRd: (-1) ursa_as.Rd:27-45: Only 3 columns allowed in this table (row 7 has 2)
checkRd: (-1) ursa_as.Rd:27-45: Only 3 columns allowed in this table (row 8 has 2)
checkRd: (-1) ursa_as.Rd:27-45: Only 3 columns allowed in this table (row 9 has 2)
checkRd: (-1) ursa_as.Rd:27-45: Only 3 columns allowed in this table (row 10 has 2)
checkRd: (-1) ursa_as.Rd:27-45: Only 3 columns allowed in this table (row 11 has 2)
checkRd: (-1) ursa_as.Rd:27-45: Only 3 columns allowed in this table (row 12 has 2)
checkRd: (-1) ursa_as.Rd:27-45: Only 3 columns allowed in this table (row 13 has 2)
checkRd: (-1) ursa_as.Rd:27-45: Only 3 columns allowed in this table (row 14 has 2)
checkRd: (-1) ursa_as.Rd:27-45: Only 3 columns allowed in this table (row 15 has 2)
checkRd: (-1) ursa_as.Rd:27-45: Only 3 columns allowed in this table (row 16 has 2)
checkRd: (-1) ursa_as.Rd:27-45: Only 3 columns allowed in this table (row 17 has 2)
Flavors: r-devel-linux-x86_64-debian-clang, r-devel-linux-x86_64-debian-gcc, r-devel-linux-x86_64-fedora-clang, r-devel-linux-x86_64-fedora-gcc