Last updated on 2025-11-26 17:50:10 CET.
| Flavor | Version | Tinstall | Tcheck | Ttotal | Status | Flags |
|---|---|---|---|---|---|---|
| r-devel-linux-x86_64-debian-clang | 1.1.0 | 2.41 | 23.03 | 25.44 | NOTE | |
| r-devel-linux-x86_64-debian-gcc | 1.1.0 | 1.92 | 17.97 | 19.89 | NOTE | |
| r-devel-linux-x86_64-fedora-clang | 1.1.0 | 38.77 | OK | |||
| r-devel-linux-x86_64-fedora-gcc | 1.1.0 | 11.00 | 27.99 | 38.99 | OK | |
| r-devel-windows-x86_64 | 1.1.0 | 5.00 | 40.00 | 45.00 | OK | |
| r-patched-linux-x86_64 | 1.1.0 | 2.65 | 21.70 | 24.35 | OK | |
| r-release-linux-x86_64 | 1.1.0 | 2.51 | 21.45 | 23.96 | OK | |
| r-release-macos-arm64 | 1.1.0 | OK | ||||
| r-release-macos-x86_64 | 1.1.0 | 2.00 | 60.00 | 62.00 | OK | |
| r-release-windows-x86_64 | 1.1.0 | 4.00 | 48.00 | 52.00 | OK | |
| r-oldrel-macos-arm64 | 1.1.0 | OK | ||||
| r-oldrel-macos-x86_64 | 1.1.0 | 2.00 | 20.00 | 22.00 | OK | |
| r-oldrel-windows-x86_64 | 1.1.0 | 4.00 | 44.00 | 48.00 | OK |
Version: 1.1.0
Check: CRAN incoming feasibility
Result: NOTE
Maintainer: ‘David Navarro-Gonzalez <david.navarro@urv.cat>’
No Authors@R field in DESCRIPTION.
Please add one, modifying
Authors@R: c(person(given = c("Pere", "Joan"),
family = "Ferrando",
role = "aut"),
person(given = "David",
family = "Navarro-Gonzalez",
role = c("aut", "cre"),
email = "david.navarro@urv.cat"),
person(given = "Urbano",
family = "Lorenzo-Seva",
role = "aut"))
as necessary.
Flavors: r-devel-linux-x86_64-debian-clang, r-devel-linux-x86_64-debian-gcc