Last updated on 2025-10-25 13:48:54 CEST.
| Flavor | Version | Tinstall | Tcheck | Ttotal | Status | Flags |
|---|---|---|---|---|---|---|
| r-devel-linux-x86_64-debian-clang | 1.1.1 | 26.37 | 88.43 | 114.80 | NOTE | |
| r-devel-linux-x86_64-debian-gcc | 1.1.1 | 20.95 | 59.30 | 80.25 | NOTE | |
| r-devel-linux-x86_64-fedora-clang | 1.1.1 | 180.00 | 21.95 | 201.95 | NOTE | |
| r-devel-linux-x86_64-fedora-gcc | 1.1.1 | 64.00 | 121.31 | 185.31 | NOTE | |
| r-devel-windows-x86_64 | 1.1.1 | 33.00 | 114.00 | 147.00 | NOTE | |
| r-patched-linux-x86_64 | 1.1.1 | 30.47 | 83.47 | 113.94 | NOTE | |
| r-release-linux-x86_64 | 1.1.1 | 30.50 | 83.62 | 114.12 | NOTE | |
| r-release-macos-arm64 | 1.1.1 | 12.00 | 40.00 | 52.00 | NOTE | |
| r-release-macos-x86_64 | 1.1.1 | 18.00 | 78.00 | 96.00 | NOTE | |
| r-release-windows-x86_64 | 1.1.1 | 37.00 | 115.00 | 152.00 | NOTE | |
| r-oldrel-macos-arm64 | 1.1.1 | 14.00 | 39.00 | 53.00 | NOTE | |
| r-oldrel-macos-x86_64 | 1.1.1 | 23.00 | 69.00 | 92.00 | NOTE | |
| r-oldrel-windows-x86_64 | 1.1.1 | 41.00 | 147.00 | 188.00 | NOTE |
Version: 1.1.1
Check: package subdirectories
Result: NOTE
Problems with news in ‘NEWS.md’:
No news entries found.
Flavors: r-devel-linux-x86_64-debian-clang, r-devel-linux-x86_64-debian-gcc, r-devel-linux-x86_64-fedora-clang, r-devel-linux-x86_64-fedora-gcc, r-devel-windows-x86_64, r-patched-linux-x86_64, r-release-linux-x86_64, r-release-macos-arm64, r-release-macos-x86_64, r-release-windows-x86_64, r-oldrel-macos-arm64, r-oldrel-macos-x86_64, r-oldrel-windows-x86_64
Version: 1.1.1
Check: LazyData
Result: NOTE
'LazyData' is specified without a 'data' directory
Flavors: r-oldrel-macos-arm64, r-oldrel-macos-x86_64, r-oldrel-windows-x86_64