Last updated on 2025-10-25 13:48:54 CEST.
| Flavor | Version | Tinstall | Tcheck | Ttotal | Status | Flags |
|---|---|---|---|---|---|---|
| r-devel-linux-x86_64-debian-clang | 0.21 | 1.29 | 22.11 | 23.40 | OK | |
| r-devel-linux-x86_64-debian-gcc | 0.21 | 1.44 | 18.74 | 20.18 | OK | |
| r-devel-linux-x86_64-fedora-clang | 0.21 | 37.56 | OK | |||
| r-devel-linux-x86_64-fedora-gcc | 0.21 | 51.31 | OK | |||
| r-devel-windows-x86_64 | 0.21 | 3.00 | 41.00 | 44.00 | OK | |
| r-patched-linux-x86_64 | 0.21 | 1.74 | 21.51 | 23.25 | OK | |
| r-release-linux-x86_64 | 0.21 | 1.71 | 21.12 | 22.83 | OK | |
| r-release-macos-arm64 | 0.21 | 1.00 | 34.00 | 35.00 | OK | |
| r-release-macos-x86_64 | 0.21 | 2.00 | 46.00 | 48.00 | OK | |
| r-release-windows-x86_64 | 0.21 | 3.00 | 43.00 | 46.00 | OK | |
| r-oldrel-macos-arm64 | 0.21 | 1.00 | 20.00 | 21.00 | NOTE | |
| r-oldrel-macos-x86_64 | 0.21 | 2.00 | 30.00 | 32.00 | NOTE | |
| r-oldrel-windows-x86_64 | 0.21 | 4.00 | 47.00 | 51.00 | NOTE |
Version: 0.21
Check: LazyData
Result: NOTE
'LazyData' is specified without a 'data' directory
Flavors: r-oldrel-macos-arm64, r-oldrel-macos-x86_64, r-oldrel-windows-x86_64