CRAN Package Check Results for Package ufs

Last updated on 2025-07-12 05:48:51 CEST.

Flavor Version Tinstall Tcheck Ttotal Status Flags
r-devel-linux-x86_64-debian-clang 0.5.12 13.48 108.40 121.88 NOTE
r-devel-linux-x86_64-debian-gcc 0.5.12 9.08 71.32 80.40 NOTE
r-devel-linux-x86_64-fedora-clang 0.5.12 209.60 OK
r-devel-linux-x86_64-fedora-gcc 0.5.12 181.15 OK
r-devel-windows-x86_64 0.5.12 16.00 141.00 157.00 NOTE
r-patched-linux-x86_64 0.5.12 16.98 102.14 119.12 NOTE
r-release-linux-x86_64 0.5.12 13.08 101.95 115.03 NOTE
r-release-macos-arm64 0.5.12 59.00 OK
r-release-macos-x86_64 0.5.12 162.00 OK
r-release-windows-x86_64 0.5.12 17.00 143.00 160.00 NOTE
r-oldrel-macos-arm64 0.5.12 56.00 OK
r-oldrel-macos-x86_64 0.5.12 93.00 OK
r-oldrel-windows-x86_64 0.5.12 23.00 167.00 190.00 OK

Check Details

Version: 0.5.12
Check: Rd cross-references
Result: NOTE Found the following Rd file(s) with Rd \link{} targets missing package anchors: associationsDiamondPlot.Rd: ggplot basicDiamondplotFunctions.Rd: geom_polygon, geom_jitter, ggplot biAxisDiamondPlot.Rd: ggplot comparisonDiamondPlots.Rd: gtable diamondPlot.Rd: ggplot ggBoxplot.Rd: ggplot, geom_boxplot ggEasyPlots.Rd: ggplot, geom_ridgeline, geom_bar ggProportionPlot.Rd: linetype, ggplot2 ggqq.Rd: ggplot knitFig.Rd: ggplot, knit_expand, knit meanSDtoDiamondPlot.Rd: ggplot meansDiamondPlot.Rd: ggplot pwr.omegasq.Rd: pwr.anova.test, pwr Please provide package anchors for all Rd \link{} targets not in the package itself and the base packages. Flavors: r-devel-linux-x86_64-debian-clang, r-devel-linux-x86_64-debian-gcc, r-devel-windows-x86_64, r-patched-linux-x86_64, r-release-linux-x86_64, r-release-windows-x86_64