Last updated on 2025-11-26 05:51:55 CET.
| Flavor | Version | Tinstall | Tcheck | Ttotal | Status | Flags |
|---|---|---|---|---|---|---|
| r-devel-linux-x86_64-debian-clang | 0.3.8 | 13.08 | 194.29 | 207.37 | NOTE | |
| r-devel-linux-x86_64-debian-gcc | 0.3.8 | 9.26 | 124.42 | 133.68 | NOTE | |
| r-devel-linux-x86_64-fedora-clang | 0.3.8 | 32.00 | 291.98 | 323.98 | NOTE | |
| r-devel-linux-x86_64-fedora-gcc | 0.3.8 | 29.00 | 297.86 | 326.86 | NOTE | |
| r-devel-windows-x86_64 | 0.3.8 | 16.00 | 177.00 | 193.00 | NOTE | |
| r-patched-linux-x86_64 | 0.3.8 | 12.00 | 183.76 | 195.76 | NOTE | |
| r-release-linux-x86_64 | 0.3.8 | 10.75 | 184.28 | 195.03 | NOTE | |
| r-release-macos-arm64 | 0.3.8 | NOTE | ||||
| r-release-macos-x86_64 | 0.3.8 | 11.00 | 162.00 | 173.00 | NOTE | |
| r-release-windows-x86_64 | 0.3.8 | 16.00 | 192.00 | 208.00 | NOTE | |
| r-oldrel-macos-arm64 | 0.3.8 | NOTE | ||||
| r-oldrel-macos-x86_64 | 0.3.8 | 8.00 | 116.00 | 124.00 | NOTE | |
| r-oldrel-windows-x86_64 | 0.3.8 | 18.00 | 249.00 | 267.00 | NOTE |
Version: 0.3.8
Check: Rd files
Result: NOTE
checkRd: (-1) est_g_exp.Rd:55: Lost braces; missing escapes or markup?
55 | {A - delta}, {A + delta}, and {A + 2 * delta}).
| ^
checkRd: (-1) est_g_exp.Rd:55: Lost braces; missing escapes or markup?
55 | {A - delta}, {A + delta}, and {A + 2 * delta}).
| ^
checkRd: (-1) est_g_exp.Rd:55: Lost braces; missing escapes or markup?
55 | {A - delta}, {A + delta}, and {A + 2 * delta}).
| ^
Flavors: r-devel-linux-x86_64-debian-clang, r-devel-linux-x86_64-debian-gcc, r-devel-linux-x86_64-fedora-clang, r-devel-linux-x86_64-fedora-gcc, r-devel-windows-x86_64, r-patched-linux-x86_64, r-release-linux-x86_64, r-release-macos-arm64, r-release-macos-x86_64, r-release-windows-x86_64, r-oldrel-macos-arm64, r-oldrel-macos-x86_64, r-oldrel-windows-x86_64
Version: 0.3.8
Check: package dependencies
Result: NOTE
Package which this enhances but not available for checking: ‘sl3’
Flavors: r-oldrel-macos-arm64, r-oldrel-macos-x86_64, r-oldrel-windows-x86_64