Last updated on 2025-10-26 09:50:13 CET.
| Flavor | Version | Tinstall | Tcheck | Ttotal | Status | Flags | 
|---|---|---|---|---|---|---|
| r-devel-linux-x86_64-debian-clang | 1.0-1.1 | 1.34 | 20.40 | 21.74 | NOTE | |
| r-devel-linux-x86_64-debian-gcc | 1.0-1.1 | 1.35 | 16.98 | 18.33 | NOTE | |
| r-devel-linux-x86_64-fedora-clang | 1.0-1.1 | 32.81 | OK | |||
| r-devel-linux-x86_64-fedora-gcc | 1.0-1.1 | 30.31 | OK | |||
| r-devel-windows-x86_64 | 1.0-1.1 | 3.00 | 41.00 | 44.00 | OK | |
| r-patched-linux-x86_64 | 1.0-1.1 | 1.94 | 19.49 | 21.43 | OK | |
| r-release-linux-x86_64 | 1.0-1.1 | 1.61 | 19.64 | 21.25 | OK | |
| r-release-macos-arm64 | 1.0-1.1 | 1.00 | 15.00 | 16.00 | OK | |
| r-release-macos-x86_64 | 1.0-1.1 | 2.00 | 23.00 | 25.00 | OK | |
| r-release-windows-x86_64 | 1.0-1.1 | 2.00 | 44.00 | 46.00 | OK | |
| r-oldrel-macos-arm64 | 1.0-1.1 | 1.00 | 13.00 | 14.00 | OK | |
| r-oldrel-macos-x86_64 | 1.0-1.1 | 1.00 | 21.00 | 22.00 | OK | |
| r-oldrel-windows-x86_64 | 1.0-1.1 | 2.00 | 41.00 | 43.00 | OK | 
Version: 1.0-1.1
Check: CRAN incoming feasibility
Result: NOTE
  Maintainer: ‘Thorn Thaler <thorn.thaler@thothal.com>’
  
  No Authors@R field in DESCRIPTION.
  Please add one, modifying
    Authors@R: person(given = "Thorn",
                      family = "Thaler",
                      role = c("aut", "cre"),
                      email = "thorn.thaler@thothal.com")
  as necessary.
Flavors: r-devel-linux-x86_64-debian-clang, r-devel-linux-x86_64-debian-gcc