Last updated on 2025-10-25 17:48:55 CEST.
| Flavor | Version | Tinstall | Tcheck | Ttotal | Status | Flags |
|---|---|---|---|---|---|---|
| r-devel-linux-x86_64-debian-clang | 1.0.0 | 7.09 | 54.95 | 62.04 | OK | |
| r-devel-linux-x86_64-debian-gcc | 1.0.0 | 4.81 | 40.89 | 45.70 | OK | |
| r-devel-linux-x86_64-fedora-clang | 1.0.0 | 31.00 | 66.57 | 97.57 | OK | |
| r-devel-linux-x86_64-fedora-gcc | 1.0.0 | 14.00 | 75.59 | 89.59 | OK | |
| r-devel-windows-x86_64 | 1.0.0 | 8.00 | 65.00 | 73.00 | OK | |
| r-patched-linux-x86_64 | 1.0.0 | 6.72 | 52.29 | 59.01 | OK | |
| r-release-linux-x86_64 | 1.0.0 | 6.36 | 52.30 | 58.66 | OK | |
| r-release-macos-arm64 | 1.0.0 | 4.00 | 32.00 | 36.00 | OK | |
| r-release-macos-x86_64 | 1.0.0 | 7.00 | 55.00 | 62.00 | OK | |
| r-release-windows-x86_64 | 1.0.0 | 9.00 | 69.00 | 78.00 | OK | |
| r-oldrel-macos-arm64 | 1.0.0 | 4.00 | 29.00 | 33.00 | NOTE | |
| r-oldrel-macos-x86_64 | 1.0.0 | 5.00 | 43.00 | 48.00 | NOTE | |
| r-oldrel-windows-x86_64 | 1.0.0 | 11.00 | 79.00 | 90.00 | NOTE |
Version: 1.0.0
Check: LazyData
Result: NOTE
'LazyData' is specified without a 'data' directory
Flavors: r-oldrel-macos-arm64, r-oldrel-macos-x86_64, r-oldrel-windows-x86_64