Last updated on 2025-07-10 09:48:49 CEST.
Flavor | Version | Tinstall | Tcheck | Ttotal | Status | Flags |
---|---|---|---|---|---|---|
r-devel-linux-x86_64-debian-clang | 1.0.0 | 143.42 | 775.64 | 919.06 | OK | |
r-devel-linux-x86_64-debian-gcc | 1.0.0 | 107.56 | 501.51 | 609.07 | OK | |
r-devel-linux-x86_64-fedora-clang | 1.0.0 | 1542.44 | OK | |||
r-devel-linux-x86_64-fedora-gcc | 1.0.0 | 1451.29 | OK | |||
r-devel-windows-x86_64 | 1.0.0 | 159.00 | 694.00 | 853.00 | OK | |
r-patched-linux-x86_64 | 1.0.0 | 149.19 | 711.37 | 860.56 | OK | |
r-release-linux-x86_64 | 1.0.0 | 145.94 | 708.49 | 854.43 | OK | |
r-release-macos-arm64 | 1.0.0 | 324.00 | OK | |||
r-release-macos-x86_64 | 1.0.0 | 683.00 | OK | |||
r-release-windows-x86_64 | 1.0.0 | 167.00 | 416.00 | 583.00 | ERROR | |
r-oldrel-macos-arm64 | 1.0.0 | 192.00 | NOTE | |||
r-oldrel-macos-x86_64 | 1.0.0 | 338.00 | NOTE | |||
r-oldrel-windows-x86_64 | 1.0.0 | 204.00 | 960.00 | 1164.00 | NOTE |
Version: 1.0.0
Check: re-building of vignette outputs
Result: ERROR
Error(s) in re-building vignettes:
--- re-building 'feasible_multivariate_garch.Rmd' using rmarkdown
--- finished re-building 'feasible_multivariate_garch.Rmd'
--- re-building 'tsmarch_demo.Rmd' using rmarkdown
SUMMARY: processing the following file failed:
'tsmarch_demo.Rmd'
Error: Vignette re-building failed.
Execution halted
Flavor: r-release-windows-x86_64
Version: 1.0.0
Check: installed package size
Result: NOTE
installed size is 15.3Mb
sub-directories of 1Mb or more:
doc 1.6Mb
libs 12.2Mb
Flavors: r-oldrel-macos-arm64, r-oldrel-macos-x86_64
Version: 1.0.0
Check: for GNU extensions in Makefiles
Result: NOTE
GNU make is a SystemRequirements.
Flavors: r-oldrel-macos-arm64, r-oldrel-macos-x86_64, r-oldrel-windows-x86_64