Last updated on 2025-10-26 05:50:16 CET.
| Flavor | Version | Tinstall | Tcheck | Ttotal | Status | Flags |
|---|---|---|---|---|---|---|
| r-devel-linux-x86_64-debian-clang | 0.3.1 | 24.77 | 76.64 | 101.41 | NOTE | |
| r-devel-linux-x86_64-debian-gcc | 0.3.1 | 18.63 | 53.00 | 71.63 | NOTE | |
| r-devel-linux-x86_64-fedora-clang | 0.3.1 | 129.00 | 50.49 | 179.49 | NOTE | |
| r-devel-linux-x86_64-fedora-gcc | 0.3.1 | 56.00 | 106.69 | 162.69 | NOTE | |
| r-devel-windows-x86_64 | 0.3.1 | 32.00 | 102.00 | 134.00 | NOTE | |
| r-patched-linux-x86_64 | 0.3.1 | 26.38 | 70.40 | 96.78 | NOTE | |
| r-release-linux-x86_64 | 0.3.1 | 26.85 | 70.48 | 97.33 | NOTE | |
| r-release-macos-arm64 | 0.3.1 | 10.00 | 30.00 | 40.00 | NOTE | |
| r-release-macos-x86_64 | 0.3.1 | 13.00 | 51.00 | 64.00 | NOTE | |
| r-release-windows-x86_64 | 0.3.1 | 33.00 | 105.00 | 138.00 | NOTE | |
| r-oldrel-macos-arm64 | 0.3.1 | 12.00 | 30.00 | 42.00 | OK | |
| r-oldrel-macos-x86_64 | 0.3.1 | 15.00 | 43.00 | 58.00 | OK | |
| r-oldrel-windows-x86_64 | 0.3.1 | 40.00 | 130.00 | 170.00 | OK |
Version: 0.3.1
Check: DESCRIPTION meta-information
Result: NOTE
Missing dependency on R >= 4.1.0 because package code uses the pipe
|> or function shorthand \(...) syntax added in R 4.1.0.
File(s) using such syntax:
‘ranger_surv.unify.Rd’
Flavors: r-devel-linux-x86_64-debian-clang, r-devel-linux-x86_64-debian-gcc, r-devel-linux-x86_64-fedora-clang, r-devel-linux-x86_64-fedora-gcc, r-devel-windows-x86_64, r-patched-linux-x86_64, r-release-linux-x86_64, r-release-macos-arm64, r-release-macos-x86_64, r-release-windows-x86_64