Last updated on 2025-10-26 13:50:12 CET.
| Flavor | Version | Tinstall | Tcheck | Ttotal | Status | Flags |
|---|---|---|---|---|---|---|
| r-devel-linux-x86_64-debian-clang | 0.2-9 | 9.40 | 152.43 | 161.83 | NOTE | |
| r-devel-linux-x86_64-debian-gcc | 0.2-9 | 8.39 | 108.90 | 117.29 | NOTE | |
| r-devel-linux-x86_64-fedora-clang | 0.2-9 | 96.00 | 167.41 | 263.41 | OK | |
| r-devel-linux-x86_64-fedora-gcc | 0.2-9 | 24.00 | 228.39 | 252.39 | OK | |
| r-devel-windows-x86_64 | 0.2-9 | 13.00 | 324.00 | 337.00 | OK | |
| r-patched-linux-x86_64 | 0.2-9 | 11.96 | 142.24 | 154.20 | NOTE | |
| r-release-linux-x86_64 | 0.2-9 | 9.42 | 143.38 | 152.80 | NOTE | |
| r-release-macos-arm64 | 0.2-9 | 4.00 | 77.00 | 81.00 | OK | |
| r-release-macos-x86_64 | 0.2-9 | 9.00 | 148.00 | 157.00 | OK | |
| r-release-windows-x86_64 | 0.2-9 | 11.00 | 183.00 | 194.00 | OK | |
| r-oldrel-macos-arm64 | 0.2-9 | 5.00 | 72.00 | 77.00 | NOTE | |
| r-oldrel-macos-x86_64 | 0.2-9 | 10.00 | 164.00 | 174.00 | NOTE | |
| r-oldrel-windows-x86_64 | 0.2-9 | 17.00 | 220.00 | 237.00 | NOTE |
Version: 0.2-9
Check: for unstated dependencies in ‘demo’
Result: NOTE
'::' or ':::' import not declared from: ‘devtools’
'library' or 'require' calls not declared from:
‘XML’ ‘devtools’ ‘jsonlite’ ‘ks’ ‘maps’
Flavors: r-devel-linux-x86_64-debian-clang, r-devel-linux-x86_64-debian-gcc, r-patched-linux-x86_64, r-release-linux-x86_64
Version: 0.2-9
Check: package dependencies
Result: NOTE
Package suggested but not available for checking: ‘taxidata’
Flavors: r-oldrel-macos-arm64, r-oldrel-macos-x86_64, r-oldrel-windows-x86_64