CRAN Package Check Results for Package touch

Last updated on 2025-07-10 01:51:02 CEST.

Flavor Version Tinstall Tcheck Ttotal Status Flags
r-devel-linux-x86_64-debian-clang 0.1-6 21.48 37.45 58.93 NOTE
r-devel-linux-x86_64-debian-gcc 0.1-6 15.46 29.99 45.45 NOTE
r-devel-linux-x86_64-fedora-clang 0.1-6 96.99 NOTE
r-devel-linux-x86_64-fedora-gcc 0.1-6 94.82 NOTE
r-devel-windows-x86_64 0.1-6 24.00 81.00 105.00 NOTE
r-patched-linux-x86_64 0.1-6 21.40 35.15 56.55 NOTE
r-release-linux-x86_64 0.1-6 22.41 34.60 57.01 NOTE
r-release-macos-arm64 0.1-6 35.00 NOTE
r-release-macos-x86_64 0.1-6 52.00 NOTE
r-release-windows-x86_64 0.1-6 24.00 76.00 100.00 NOTE
r-oldrel-macos-arm64 0.1-6 34.00 NOTE
r-oldrel-macos-x86_64 0.1-6 42.00 NOTE
r-oldrel-windows-x86_64 0.1-6 32.00 82.00 114.00 NOTE

Check Details

Version: 0.1-6
Check: CRAN incoming feasibility
Result: NOTE Maintainer: ‘Wenjie Wang <wang@wwenjie.org>’ Package CITATION file contains call(s) to old-style personList() or as.personList(). Please use c() on person objects instead. Package CITATION file contains call(s) to old-style citEntry(). Please use bibentry() instead. Flavors: r-devel-linux-x86_64-debian-clang, r-devel-linux-x86_64-debian-gcc

Version: 0.1-6
Check: C++ specification
Result: NOTE Specified C++11: please drop specification unless essential Flavors: r-devel-linux-x86_64-debian-clang, r-devel-linux-x86_64-debian-gcc, r-devel-linux-x86_64-fedora-clang, r-devel-linux-x86_64-fedora-gcc, r-devel-windows-x86_64, r-patched-linux-x86_64, r-release-linux-x86_64, r-release-macos-arm64, r-release-macos-x86_64, r-release-windows-x86_64, r-oldrel-macos-arm64, r-oldrel-macos-x86_64, r-oldrel-windows-x86_64