Last updated on 2025-10-25 17:48:55 CEST.
| Flavor | Version | Tinstall | Tcheck | Ttotal | Status | Flags |
|---|---|---|---|---|---|---|
| r-devel-linux-x86_64-debian-clang | 0.3-4 | 9.07 | 94.13 | 103.20 | OK | |
| r-devel-linux-x86_64-debian-gcc | 0.3-4 | 6.32 | 66.26 | 72.58 | OK | |
| r-devel-linux-x86_64-fedora-clang | 0.3-4 | 59.00 | 111.49 | 170.49 | OK | |
| r-devel-linux-x86_64-fedora-gcc | 0.3-4 | 20.00 | 146.43 | 166.43 | OK | |
| r-devel-windows-x86_64 | 0.3-4 | 12.00 | 134.00 | 146.00 | OK | |
| r-patched-linux-x86_64 | 0.3-4 | 10.02 | 88.26 | 98.28 | OK | |
| r-release-linux-x86_64 | 0.3-4 | 9.73 | 88.45 | 98.18 | OK | |
| r-release-macos-arm64 | 0.3-4 | 5.00 | 82.00 | 87.00 | OK | |
| r-release-macos-x86_64 | 0.3-4 | 10.00 | 127.00 | 137.00 | OK | |
| r-release-windows-x86_64 | 0.3-4 | 13.00 | 138.00 | 151.00 | OK | |
| r-oldrel-macos-arm64 | 0.3-4 | 6.00 | 80.00 | 86.00 | NOTE | |
| r-oldrel-macos-x86_64 | 0.3-4 | 13.00 | 141.00 | 154.00 | NOTE | |
| r-oldrel-windows-x86_64 | 0.3-4 | 18.00 | 170.00 | 188.00 | NOTE |
Version: 0.3-4
Check: package dependencies
Result: NOTE
Package suggested but not available for checking: ‘toscaData’
Flavors: r-oldrel-macos-arm64, r-oldrel-macos-x86_64, r-oldrel-windows-x86_64