CRAN Package Check Results for Package toOrdinal

Last updated on 2025-07-08 21:48:38 CEST.

Flavor Version Tinstall Tcheck Ttotal Status Flags
r-devel-linux-x86_64-debian-clang 1.3-0.0 2.72 29.28 32.00 NOTE
r-devel-linux-x86_64-debian-gcc 1.3-0.0 1.89 23.62 25.51 NOTE
r-devel-linux-x86_64-fedora-clang 1.3-0.0 49.61 OK
r-devel-linux-x86_64-fedora-gcc 1.3-0.0 63.05 OK
r-devel-windows-x86_64 1.3-0.0 4.00 50.00 54.00 OK
r-patched-linux-x86_64 1.3-0.0 2.46 27.37 29.83 OK
r-release-linux-x86_64 1.3-0.0 2.46 27.40 29.86 OK
r-release-macos-arm64 1.3-0.0 37.00 OK
r-release-macos-x86_64 1.3-0.0 48.00 OK
r-release-windows-x86_64 1.3-0.0 4.00 51.00 55.00 OK
r-oldrel-macos-arm64 1.3-0.0 26.00 OK
r-oldrel-macos-x86_64 1.3-0.0 40.00 OK
r-oldrel-windows-x86_64 1.3-0.0 5.00 54.00 59.00 OK

Check Details

Version: 1.3-0.0
Check: CRAN incoming feasibility
Result: NOTE Maintainer: ‘Damian W. Betebenner <dbetebenner@nciea.org>’ Package CITATION file contains call(s) to old-style citEntry(). Please use bibentry() instead. Flavors: r-devel-linux-x86_64-debian-clang, r-devel-linux-x86_64-debian-gcc