Last updated on 2025-10-26 13:50:12 CET.
| Flavor | Version | Tinstall | Tcheck | Ttotal | Status | Flags |
|---|---|---|---|---|---|---|
| r-devel-linux-x86_64-debian-clang | 1.1.1 | 2.21 | 24.47 | 26.68 | OK | |
| r-devel-linux-x86_64-debian-gcc | 1.1.1 | 1.64 | 18.92 | 20.56 | OK | |
| r-devel-linux-x86_64-fedora-clang | 1.1.1 | 13.00 | 28.43 | 41.43 | OK | |
| r-devel-linux-x86_64-fedora-gcc | 1.1.1 | 37.77 | OK | |||
| r-devel-windows-x86_64 | 1.1.1 | 4.00 | 44.00 | 48.00 | OK | |
| r-patched-linux-x86_64 | 1.1.1 | 2.31 | 23.18 | 25.49 | OK | |
| r-release-linux-x86_64 | 1.1.1 | 2.03 | 22.83 | 24.86 | OK | |
| r-release-macos-arm64 | 1.1.1 | 1.00 | 16.00 | 17.00 | OK | |
| r-release-macos-x86_64 | 1.1.1 | 2.00 | 24.00 | 26.00 | OK | |
| r-release-windows-x86_64 | 1.1.1 | 3.00 | 46.00 | 49.00 | OK | |
| r-oldrel-macos-arm64 | 1.1.1 | 1.00 | 19.00 | 20.00 | NOTE | |
| r-oldrel-macos-x86_64 | 1.1.1 | 2.00 | 21.00 | 23.00 | NOTE | |
| r-oldrel-windows-x86_64 | 1.1.1 | 5.00 | 49.00 | 54.00 | NOTE |
Version: 1.1.1
Check: LazyData
Result: NOTE
'LazyData' is specified without a 'data' directory
Flavors: r-oldrel-macos-arm64, r-oldrel-macos-x86_64, r-oldrel-windows-x86_64