Last updated on 2025-11-26 13:50:27 CET.
| Flavor | Version | Tinstall | Tcheck | Ttotal | Status | Flags |
|---|---|---|---|---|---|---|
| r-devel-linux-x86_64-debian-clang | 0.1 | 0.31 | 2.42 | 2.73 | ERROR | |
| r-devel-linux-x86_64-debian-gcc | 0.1 | 0.26 | 2.03 | 2.29 | ERROR | |
| r-devel-linux-x86_64-fedora-clang | 0.1 | 2.45 | ERROR | |||
| r-devel-linux-x86_64-fedora-gcc | 0.1 | 2.45 | ERROR | |||
| r-devel-windows-x86_64 | 0.1 | 42.00 | 241.00 | 283.00 | OK | |
| r-patched-linux-x86_64 | 0.1 | 32.08 | 278.58 | 310.66 | OK | |
| r-release-linux-x86_64 | 0.1 | 33.69 | 279.61 | 313.30 | OK | |
| r-release-macos-arm64 | 0.1 | OK | ||||
| r-release-macos-x86_64 | 0.1 | 28.00 | 224.00 | 252.00 | OK | |
| r-release-windows-x86_64 | 0.1 | 34.00 | 251.00 | 285.00 | OK | |
| r-oldrel-macos-arm64 | 0.1 | OK | ||||
| r-oldrel-macos-x86_64 | 0.1 | 30.00 | 201.00 | 231.00 | OK | |
| r-oldrel-windows-x86_64 | 0.1 | 45.00 | 313.00 | 358.00 | OK |
Version: 0.1
Check: package dependencies
Result: ERROR
Package required but not available: ‘tmap’
See section ‘The DESCRIPTION file’ in the ‘Writing R Extensions’
manual.
Flavors: r-devel-linux-x86_64-debian-clang, r-devel-linux-x86_64-debian-gcc, r-devel-linux-x86_64-fedora-clang, r-devel-linux-x86_64-fedora-gcc