Last updated on 2025-07-10 01:51:02 CEST.
Flavor | Version | Tinstall | Tcheck | Ttotal | Status | Flags |
---|---|---|---|---|---|---|
r-devel-linux-x86_64-debian-clang | 0.1.0 | 2.78 | 37.35 | 40.13 | OK | |
r-devel-linux-x86_64-debian-gcc | 0.1.0 | 1.81 | 29.87 | 31.68 | OK | |
r-devel-linux-x86_64-fedora-clang | 0.1.0 | 62.38 | OK | |||
r-devel-linux-x86_64-fedora-gcc | 0.1.0 | 74.43 | OK | |||
r-devel-windows-x86_64 | 0.1.0 | 3.00 | 124.00 | 127.00 | OK | |
r-patched-linux-x86_64 | 0.1.0 | 2.90 | 35.82 | 38.72 | OK | |
r-release-linux-x86_64 | 0.1.0 | 2.42 | 35.28 | 37.70 | OK | |
r-release-macos-arm64 | 0.1.0 | 38.00 | OK | |||
r-release-macos-x86_64 | 0.1.0 | 53.00 | OK | |||
r-release-windows-x86_64 | 0.1.0 | 4.00 | 119.00 | 123.00 | OK | |
r-oldrel-macos-arm64 | 0.1.0 | 27.00 | NOTE | |||
r-oldrel-macos-x86_64 | 0.1.0 | 45.00 | NOTE | |||
r-oldrel-windows-x86_64 | 0.1.0 | 4.00 | 102.00 | 106.00 | NOTE |
Version: 0.1.0
Check: LazyData
Result: NOTE
'LazyData' is specified without a 'data' directory
Flavors: r-oldrel-macos-arm64, r-oldrel-macos-x86_64, r-oldrel-windows-x86_64