Last updated on 2025-10-25 21:49:55 CEST.
| Flavor | Version | Tinstall | Tcheck | Ttotal | Status | Flags |
|---|---|---|---|---|---|---|
| r-devel-linux-x86_64-debian-clang | 0.2.2 | 2.70 | 33.48 | 36.18 | OK | |
| r-devel-linux-x86_64-debian-gcc | 0.2.2 | 1.79 | 25.29 | 27.08 | OK | |
| r-devel-linux-x86_64-fedora-clang | 0.2.2 | 10.00 | 42.69 | 52.69 | OK | |
| r-devel-linux-x86_64-fedora-gcc | 0.2.2 | 47.39 | OK | |||
| r-devel-windows-x86_64 | 0.2.2 | 5.00 | 56.00 | 61.00 | OK | |
| r-patched-linux-x86_64 | 0.2.2 | 4.09 | 30.32 | 34.41 | OK | |
| r-release-linux-x86_64 | 0.2.2 | 2.61 | 30.11 | 32.72 | OK | |
| r-release-macos-arm64 | 0.2.2 | 2.00 | 24.00 | 26.00 | OK | |
| r-release-macos-x86_64 | 0.2.2 | 4.00 | 30.00 | 34.00 | OK | |
| r-release-windows-x86_64 | 0.2.2 | 5.00 | 60.00 | 65.00 | OK | |
| r-oldrel-macos-arm64 | 0.2.2 | 1.00 | 17.00 | 18.00 | NOTE | |
| r-oldrel-macos-x86_64 | 0.2.2 | 2.00 | 27.00 | 29.00 | NOTE | |
| r-oldrel-windows-x86_64 | 0.2.2 | 7.00 | 65.00 | 72.00 | NOTE |
Version: 0.2.2
Check: LazyData
Result: NOTE
'LazyData' is specified without a 'data' directory
Flavors: r-oldrel-macos-arm64, r-oldrel-macos-x86_64, r-oldrel-windows-x86_64