Last updated on 2025-10-25 17:48:54 CEST.
| Flavor | Version | Tinstall | Tcheck | Ttotal | Status | Flags |
|---|---|---|---|---|---|---|
| r-devel-linux-x86_64-debian-clang | 0.1.0 | 2.39 | 26.17 | 28.56 | OK | |
| r-devel-linux-x86_64-debian-gcc | 0.1.0 | 1.89 | 21.61 | 23.50 | OK | |
| r-devel-linux-x86_64-fedora-clang | 0.1.0 | 11.00 | 32.31 | 43.31 | OK | |
| r-devel-linux-x86_64-fedora-gcc | 0.1.0 | 38.62 | OK | |||
| r-devel-windows-x86_64 | 0.1.0 | 4.00 | 43.00 | 47.00 | OK | |
| r-patched-linux-x86_64 | 0.1.0 | 2.12 | 23.67 | 25.79 | OK | |
| r-release-linux-x86_64 | 0.1.0 | 2.32 | 23.49 | 25.81 | OK | |
| r-release-macos-arm64 | 0.1.0 | 1.00 | 18.00 | 19.00 | OK | |
| r-release-macos-x86_64 | 0.1.0 | 2.00 | 26.00 | 28.00 | OK | |
| r-release-windows-x86_64 | 0.1.0 | 4.00 | 45.00 | 49.00 | OK | |
| r-oldrel-macos-arm64 | 0.1.0 | 1.00 | 15.00 | 16.00 | NOTE | |
| r-oldrel-macos-x86_64 | 0.1.0 | 2.00 | 22.00 | 24.00 | NOTE | |
| r-oldrel-windows-x86_64 | 0.1.0 | 5.00 | 49.00 | 54.00 | NOTE |
Version: 0.1.0
Check: LazyData
Result: NOTE
'LazyData' is specified without a 'data' directory
Flavors: r-oldrel-macos-arm64, r-oldrel-macos-x86_64, r-oldrel-windows-x86_64