Last updated on 2025-10-25 13:48:52 CEST.
| Flavor | Version | Tinstall | Tcheck | Ttotal | Status | Flags |
|---|---|---|---|---|---|---|
| r-devel-linux-x86_64-debian-clang | 0.1.1 | 2.22 | 57.15 | 59.37 | NOTE | |
| r-devel-linux-x86_64-debian-gcc | 0.1.1 | 1.80 | 38.33 | 40.13 | NOTE | |
| r-devel-linux-x86_64-fedora-clang | 0.1.1 | 13.00 | 83.32 | 96.32 | NOTE | |
| r-devel-linux-x86_64-fedora-gcc | 0.1.1 | 86.42 | NOTE | |||
| r-devel-windows-x86_64 | 0.1.1 | 3.00 | 74.00 | 77.00 | NOTE | |
| r-patched-linux-x86_64 | 0.1.1 | 2.69 | 54.08 | 56.77 | NOTE | |
| r-release-linux-x86_64 | 0.1.1 | 2.42 | 53.62 | 56.04 | NOTE | |
| r-release-macos-arm64 | 0.1.1 | 1.00 | 28.00 | 29.00 | NOTE | |
| r-release-macos-x86_64 | 0.1.1 | 2.00 | 54.00 | 56.00 | NOTE | |
| r-release-windows-x86_64 | 0.1.1 | 3.00 | 73.00 | 76.00 | NOTE | |
| r-oldrel-macos-arm64 | 0.1.1 | 1.00 | 31.00 | 32.00 | OK | |
| r-oldrel-macos-x86_64 | 0.1.1 | 4.00 | 57.00 | 61.00 | OK | |
| r-oldrel-windows-x86_64 | 0.1.1 | 4.00 | 89.00 | 93.00 | OK |
Version: 0.1.1
Check: DESCRIPTION meta-information
Result: NOTE
Missing dependency on R >= 4.1.0 because package code uses the pipe
|> or function shorthand \(...) syntax added in R 4.1.0.
File(s) using such syntax:
‘tcor.Rd’
Flavors: r-devel-linux-x86_64-debian-clang, r-devel-linux-x86_64-debian-gcc, r-devel-linux-x86_64-fedora-clang, r-devel-linux-x86_64-fedora-gcc, r-devel-windows-x86_64, r-patched-linux-x86_64, r-release-linux-x86_64, r-release-macos-arm64, r-release-macos-x86_64, r-release-windows-x86_64