Last updated on 2025-10-25 09:49:46 CEST.
| Flavor | Version | Tinstall | Tcheck | Ttotal | Status | Flags |
|---|---|---|---|---|---|---|
| r-devel-linux-x86_64-debian-clang | 0.9.1 | 11.46 | 33.89 | 45.35 | NOTE | |
| r-devel-linux-x86_64-debian-gcc | 0.9.1 | 7.32 | 26.20 | 33.52 | NOTE | |
| r-devel-linux-x86_64-fedora-clang | 0.9.1 | 65.00 | 10.98 | 75.98 | OK | |
| r-devel-linux-x86_64-fedora-gcc | 0.9.1 | 24.00 | 41.85 | 65.85 | OK | |
| r-devel-windows-x86_64 | 0.9.1 | 21.00 | 74.00 | 95.00 | OK | |
| r-patched-linux-x86_64 | 0.9.1 | 10.94 | 32.23 | 43.17 | OK | |
| r-release-linux-x86_64 | 0.9.1 | 10.93 | 32.27 | 43.20 | OK | |
| r-release-macos-arm64 | 0.9.1 | 5.00 | 20.00 | 25.00 | OK | |
| r-release-macos-x86_64 | 0.9.1 | 8.00 | 34.00 | 42.00 | OK | |
| r-release-windows-x86_64 | 0.9.1 | 22.00 | 80.00 | 102.00 | OK | |
| r-oldrel-macos-arm64 | 0.9.1 | 9.00 | 21.00 | 30.00 | OK | |
| r-oldrel-macos-x86_64 | 0.9.1 | 7.00 | 45.00 | 52.00 | OK | |
| r-oldrel-windows-x86_64 | 0.9.1 | 23.00 | 87.00 | 110.00 | OK |
Version: 0.9.1
Check: CRAN incoming feasibility
Result: NOTE
Maintainer: ‘Toshihiro Umehara <toshi@niceume.com>’
The BugReports field in DESCRIPTION has
https://github.com/niceume/timeDF
which should likely be
https://github.com/niceume/timeDF/issues
instead.
Flavors: r-devel-linux-x86_64-debian-clang, r-devel-linux-x86_64-debian-gcc