Last updated on 2025-10-25 21:49:55 CEST.
| Flavor | Version | Tinstall | Tcheck | Ttotal | Status | Flags |
|---|---|---|---|---|---|---|
| r-devel-linux-x86_64-debian-clang | 1.1.0 | 6.61 | 64.57 | 71.18 | NOTE | |
| r-devel-linux-x86_64-debian-gcc | 1.1.0 | 5.08 | 48.68 | 53.76 | NOTE | |
| r-devel-linux-x86_64-fedora-clang | 1.1.0 | 36.00 | 80.81 | 116.81 | OK | |
| r-devel-linux-x86_64-fedora-gcc | 1.1.0 | 15.00 | 89.87 | 104.87 | OK | |
| r-devel-windows-x86_64 | 1.1.0 | 9.00 | 73.00 | 82.00 | OK | |
| r-patched-linux-x86_64 | 1.1.0 | 5.74 | 61.18 | 66.92 | OK | |
| r-release-linux-x86_64 | 1.1.0 | 6.43 | 60.77 | 67.20 | OK | |
| r-release-macos-arm64 | 1.1.0 | 3.00 | 25.00 | 28.00 | OK | |
| r-release-macos-x86_64 | 1.1.0 | 5.00 | 45.00 | 50.00 | OK | |
| r-release-windows-x86_64 | 1.1.0 | 11.00 | 75.00 | 86.00 | OK | |
| r-oldrel-macos-arm64 | 1.1.0 | 3.00 | 30.00 | 33.00 | OK | |
| r-oldrel-macos-x86_64 | 1.1.0 | 5.00 | 35.00 | 40.00 | OK | |
| r-oldrel-windows-x86_64 | 1.1.0 | 12.00 | 92.00 | 104.00 | OK |
Version: 1.1.0
Check: CRAN incoming feasibility
Result: NOTE
Maintainer: ‘Will Kuan <aiien61will@gmail.com>’
No Authors@R field in DESCRIPTION.
Please add one, modifying
Authors@R: person(given = "Will",
family = "Kuan",
role = c("aut", "cre"),
email = "aiien61will@gmail.com")
as necessary.
Flavors: r-devel-linux-x86_64-debian-clang, r-devel-linux-x86_64-debian-gcc