Last updated on 2025-07-17 21:51:02 CEST.
Flavor | Version | Tinstall | Tcheck | Ttotal | Status | Flags |
---|---|---|---|---|---|---|
r-devel-linux-x86_64-debian-clang | 0.1.0 | 15.78 | 215.81 | 231.59 | OK | |
r-devel-linux-x86_64-debian-gcc | 0.1.0 | 11.27 | 158.10 | 169.37 | OK | |
r-devel-linux-x86_64-fedora-clang | 0.1.0 | 331.44 | OK | |||
r-devel-linux-x86_64-fedora-gcc | 0.1.0 | 330.70 | OK | |||
r-devel-windows-x86_64 | 0.1.0 | 18.00 | 157.00 | 175.00 | OK | |
r-patched-linux-x86_64 | 0.1.0 | 14.33 | 207.02 | 221.35 | OK | |
r-release-linux-x86_64 | 0.1.0 | 15.49 | 206.23 | 221.72 | OK | |
r-release-macos-arm64 | 0.1.0 | 91.00 | OK | |||
r-release-macos-x86_64 | 0.1.0 | 159.00 | OK | |||
r-release-windows-x86_64 | 0.1.0 | 17.00 | 155.00 | 172.00 | OK | |
r-oldrel-macos-arm64 | 0.1.0 | 86.00 | NOTE | |||
r-oldrel-macos-x86_64 | 0.1.0 | 199.00 | NOTE | |||
r-oldrel-windows-x86_64 | 0.1.0 | 23.00 | 203.00 | 226.00 | NOTE |
Version: 0.1.0
Check: installed package size
Result: NOTE
installed size is 6.2Mb
sub-directories of 1Mb or more:
doc 5.4Mb
Flavors: r-oldrel-macos-arm64, r-oldrel-macos-x86_64, r-oldrel-windows-x86_64