Last updated on 2025-11-26 09:51:31 CET.
| Flavor | Version | Tinstall | Tcheck | Ttotal | Status | Flags |
|---|---|---|---|---|---|---|
| r-devel-linux-x86_64-debian-clang | 0.2.2 | 2.73 | 34.86 | 37.59 | OK | |
| r-devel-linux-x86_64-debian-gcc | 0.2.2 | 2.14 | 26.39 | 28.53 | OK | |
| r-devel-linux-x86_64-fedora-clang | 0.2.2 | 53.17 | OK | |||
| r-devel-linux-x86_64-fedora-gcc | 0.2.2 | 15.00 | 39.69 | 54.69 | OK | |
| r-devel-windows-x86_64 | 0.2.2 | 6.00 | 49.00 | 55.00 | OK | |
| r-patched-linux-x86_64 | 0.2.2 | 2.60 | 31.44 | 34.04 | OK | |
| r-release-linux-x86_64 | 0.2.2 | 2.45 | 31.24 | 33.69 | OK | |
| r-release-macos-arm64 | 0.2.2 | OK | ||||
| r-release-macos-x86_64 | 0.2.2 | 2.00 | 32.00 | 34.00 | OK | |
| r-release-windows-x86_64 | 0.2.2 | 6.00 | 53.00 | 59.00 | OK | |
| r-oldrel-macos-arm64 | 0.2.2 | NOTE | ||||
| r-oldrel-macos-x86_64 | 0.2.2 | 2.00 | 25.00 | 27.00 | NOTE | |
| r-oldrel-windows-x86_64 | 0.2.2 | 4.00 | 56.00 | 60.00 | NOTE |
Version: 0.2.2
Check: LazyData
Result: NOTE
'LazyData' is specified without a 'data' directory
Flavors: r-oldrel-macos-arm64, r-oldrel-macos-x86_64, r-oldrel-windows-x86_64