Last updated on 2025-10-25 13:48:52 CEST.
| Flavor | Version | Tinstall | Tcheck | Ttotal | Status | Flags |
|---|---|---|---|---|---|---|
| r-devel-linux-x86_64-debian-clang | 0.1.4 | 8.29 | 67.77 | 76.06 | NOTE | |
| r-devel-linux-x86_64-debian-gcc | 0.1.4 | 5.54 | 51.16 | 56.70 | NOTE | |
| r-devel-linux-x86_64-fedora-clang | 0.1.4 | 44.00 | 80.39 | 124.39 | OK | |
| r-devel-linux-x86_64-fedora-gcc | 0.1.4 | 15.00 | 93.11 | 108.11 | OK | |
| r-devel-windows-x86_64 | 0.1.4 | 8.00 | 77.00 | 85.00 | OK | |
| r-patched-linux-x86_64 | 0.1.4 | 7.43 | 63.90 | 71.33 | OK | |
| r-release-linux-x86_64 | 0.1.4 | 7.58 | 64.05 | 71.63 | OK | |
| r-release-macos-arm64 | 0.1.4 | 4.00 | 30.00 | 34.00 | OK | |
| r-release-macos-x86_64 | 0.1.4 | 6.00 | 54.00 | 60.00 | OK | |
| r-release-windows-x86_64 | 0.1.4 | 8.00 | 77.00 | 85.00 | OK | |
| r-oldrel-macos-arm64 | 0.1.4 | 3.00 | 34.00 | 37.00 | OK | |
| r-oldrel-macos-x86_64 | 0.1.4 | 5.00 | 47.00 | 52.00 | OK | |
| r-oldrel-windows-x86_64 | 0.1.4 | 11.00 | 97.00 | 108.00 | OK |
Version: 0.1.4
Check: CRAN incoming feasibility
Result: NOTE
Maintainer: ‘Tyler Rinker <tyler.rinker@gmail.com>’
Package CITATION file contains call(s) to old-style citEntry(). Please
use bibentry() instead.
Flavors: r-devel-linux-x86_64-debian-clang, r-devel-linux-x86_64-debian-gcc