Last updated on 2025-11-26 09:51:31 CET.
| Flavor | Version | Tinstall | Tcheck | Ttotal | Status | Flags |
|---|---|---|---|---|---|---|
| r-devel-linux-x86_64-debian-clang | 1.0.0 | 4.80 | 50.11 | 54.91 | NOTE | |
| r-devel-linux-x86_64-debian-gcc | 1.0.0 | 3.26 | 37.55 | 40.81 | NOTE | |
| r-devel-linux-x86_64-fedora-clang | 1.0.0 | 81.89 | OK | |||
| r-devel-linux-x86_64-fedora-gcc | 1.0.0 | 10.00 | 82.14 | 92.14 | OK | |
| r-devel-windows-x86_64 | 1.0.0 | 8.00 | 65.00 | 73.00 | NOTE | |
| r-patched-linux-x86_64 | 1.0.0 | 4.81 | 45.08 | 49.89 | NOTE | |
| r-release-linux-x86_64 | 1.0.0 | 3.89 | 45.43 | 49.32 | NOTE | |
| r-release-macos-arm64 | 1.0.0 | OK | ||||
| r-release-macos-x86_64 | 1.0.0 | 4.00 | 61.00 | 65.00 | OK | |
| r-release-windows-x86_64 | 1.0.0 | 8.00 | 72.00 | 80.00 | NOTE | |
| r-oldrel-macos-arm64 | 1.0.0 | OK | ||||
| r-oldrel-macos-x86_64 | 1.0.0 | 3.00 | 53.00 | 56.00 | OK | |
| r-oldrel-windows-x86_64 | 1.0.0 | 9.00 | 81.00 | 90.00 | OK |
Version: 1.0.0
Check: Rd cross-references
Result: NOTE
Found the following Rd file(s) with Rd \link{} targets missing package
anchors:
tts_speak_engine.Rd: knit_engines
Please provide package anchors for all Rd \link{} targets not in the
package itself and the base packages.
Flavors: r-devel-linux-x86_64-debian-clang, r-devel-linux-x86_64-debian-gcc, r-devel-windows-x86_64, r-patched-linux-x86_64, r-release-linux-x86_64, r-release-windows-x86_64