Last updated on 2025-07-12 21:51:00 CEST.
Flavor | Version | Tinstall | Tcheck | Ttotal | Status | Flags |
---|---|---|---|---|---|---|
r-devel-linux-x86_64-debian-clang | 1.39.4 | 14.39 | 135.72 | 150.11 | NOTE | |
r-devel-linux-x86_64-debian-gcc | 1.39.4 | 10.93 | 93.18 | 104.11 | NOTE | |
r-devel-linux-x86_64-fedora-clang | 1.39.4 | 247.35 | NOTE | |||
r-devel-linux-x86_64-fedora-gcc | 1.39.4 | 272.07 | NOTE | |||
r-devel-windows-x86_64 | 1.39.4 | 16.00 | 173.00 | 189.00 | OK | |
r-patched-linux-x86_64 | 1.39.4 | 19.37 | 128.88 | 148.25 | NOTE | |
r-release-linux-x86_64 | 1.39.4 | 14.49 | 129.87 | 144.36 | NOTE | |
r-release-macos-arm64 | 1.39.4 | 97.00 | OK | |||
r-release-macos-x86_64 | 1.39.4 | 198.00 | OK | |||
r-release-windows-x86_64 | 1.39.4 | 19.00 | 183.00 | 202.00 | OK | |
r-oldrel-macos-arm64 | 1.39.4 | 74.00 | OK | |||
r-oldrel-macos-x86_64 | 1.39.4 | 211.00 | OK | |||
r-oldrel-windows-x86_64 | 1.39.4 | 23.00 | 204.00 | 227.00 | OK |
Version: 1.39.4
Check: Rd cross-references
Result: NOTE
Unknown package ‘oglmx’ in Rd xrefs
Flavors: r-devel-linux-x86_64-debian-clang, r-devel-linux-x86_64-debian-gcc, r-devel-linux-x86_64-fedora-clang, r-devel-linux-x86_64-fedora-gcc, r-patched-linux-x86_64, r-release-linux-x86_64