CRAN Package Check Results for Package tdsa

Last updated on 2025-10-26 05:50:14 CET.

Flavor Version Tinstall Tcheck Ttotal Status Flags
r-devel-linux-x86_64-debian-clang 1.1-1 2.20 45.26 47.46 OK
r-devel-linux-x86_64-debian-gcc 1.1-1 1.78 31.98 33.76 OK
r-devel-linux-x86_64-fedora-clang 1.1-1 12.00 67.41 79.41 OK
r-devel-linux-x86_64-fedora-gcc 1.1-1 157.41 OK
r-devel-windows-x86_64 1.1-1 3.00 60.00 63.00 OK
r-patched-linux-x86_64 1.1-1 2.43 44.19 46.62 OK
r-release-linux-x86_64 1.1-1 2.09 43.11 45.20 OK
r-release-macos-arm64 1.1-1 1.00 85.00 86.00 OK
r-release-macos-x86_64 1.1-1 7.00 145.00 152.00 OK
r-release-windows-x86_64 1.1-1 3.00 63.00 66.00 OK
r-oldrel-macos-arm64 1.1-1 1.00 69.00 70.00 OK
r-oldrel-macos-x86_64 1.1-1 3.00 159.00 162.00 WARN
r-oldrel-windows-x86_64 1.1-1 6.00 76.00 82.00 OK

Check Details

Version: 1.1-1
Check: PDF version of manual
Result: WARN LaTeX errors when creating PDF version. This typically indicates Rd problems. Flavor: r-oldrel-macos-x86_64