Last updated on 2025-10-25 09:49:46 CEST.
| Flavor | Version | Tinstall | Tcheck | Ttotal | Status | Flags |
|---|---|---|---|---|---|---|
| r-devel-linux-x86_64-debian-clang | 0.19.0 | 2.15 | 24.57 | 26.72 | NOTE | |
| r-devel-linux-x86_64-debian-gcc | 0.19.0 | 1.65 | 20.04 | 21.69 | NOTE | |
| r-devel-linux-x86_64-fedora-clang | 0.19.0 | 38.86 | NOTE | |||
| r-devel-linux-x86_64-fedora-gcc | 0.19.0 | 35.47 | NOTE | |||
| r-devel-windows-x86_64 | 0.19.0 | 3.00 | 50.00 | 53.00 | NOTE | |
| r-patched-linux-x86_64 | 0.19.0 | 1.94 | 22.09 | 24.03 | NOTE | |
| r-release-linux-x86_64 | 0.19.0 | 1.64 | 22.21 | 23.85 | NOTE | |
| r-release-macos-arm64 | 0.19.0 | 1.00 | 16.00 | 17.00 | NOTE | |
| r-release-macos-x86_64 | 0.19.0 | 2.00 | 25.00 | 27.00 | NOTE | |
| r-release-windows-x86_64 | 0.19.0 | 5.00 | 47.00 | 52.00 | NOTE | |
| r-oldrel-macos-arm64 | 0.19.0 | 1.00 | 21.00 | 22.00 | OK | |
| r-oldrel-macos-x86_64 | 0.19.0 | 2.00 | 30.00 | 32.00 | OK | |
| r-oldrel-windows-x86_64 | 0.19.0 | 5.00 | 52.00 | 57.00 | OK |
Version: 0.19.0
Check: DESCRIPTION meta-information
Result: NOTE
Missing dependency on R >= 4.1.0 because package code uses the pipe
|> or function shorthand \(...) syntax added in R 4.1.0.
File(s) using such syntax:
‘depreciation_interest.R’ ‘friction_period.R’ ‘nl_med_prices.R’
‘nl_pat_fam_prices.R’ ‘nl_ppp.R’ ‘nl_price_index.R’
‘nl_prod_oth_prices.R’
Flavors: r-devel-linux-x86_64-debian-clang, r-devel-linux-x86_64-debian-gcc, r-devel-linux-x86_64-fedora-clang, r-devel-linux-x86_64-fedora-gcc, r-devel-windows-x86_64, r-patched-linux-x86_64, r-release-linux-x86_64, r-release-macos-arm64, r-release-macos-x86_64, r-release-windows-x86_64