Last updated on 2025-10-26 09:50:11 CET.
| Flavor | Version | Tinstall | Tcheck | Ttotal | Status | Flags |
|---|---|---|---|---|---|---|
| r-devel-linux-x86_64-debian-clang | 0.1.4 | 5.85 | 39.92 | 45.77 | NOTE | |
| r-devel-linux-x86_64-debian-gcc | 0.1.4 | 3.80 | 30.84 | 34.64 | NOTE | |
| r-devel-linux-x86_64-fedora-clang | 0.1.4 | 37.00 | 37.77 | 74.77 | NOTE | |
| r-devel-linux-x86_64-fedora-gcc | 0.1.4 | 13.00 | 62.65 | 75.65 | NOTE | |
| r-devel-windows-x86_64 | 0.1.4 | 9.00 | 59.00 | 68.00 | NOTE | |
| r-patched-linux-x86_64 | 0.1.4 | 5.52 | 37.13 | 42.65 | NOTE | |
| r-release-linux-x86_64 | 0.1.4 | 5.20 | 36.59 | 41.79 | NOTE | |
| r-release-macos-arm64 | 0.1.4 | 3.00 | 30.00 | 33.00 | NOTE | |
| r-release-macos-x86_64 | 0.1.4 | 6.00 | 51.00 | 57.00 | NOTE | |
| r-release-windows-x86_64 | 0.1.4 | 13.00 | 63.00 | 76.00 | NOTE | |
| r-oldrel-macos-arm64 | 0.1.4 | 4.00 | 27.00 | 31.00 | NOTE | |
| r-oldrel-macos-x86_64 | 0.1.4 | 4.00 | 42.00 | 46.00 | NOTE | |
| r-oldrel-windows-x86_64 | 0.1.4 | 13.00 | 74.00 | 87.00 | NOTE |
Version: 0.1.4
Check: C++ specification
Result: NOTE
Specified C++11: please drop specification unless essential
Flavors: r-devel-linux-x86_64-debian-clang, r-devel-linux-x86_64-debian-gcc, r-devel-linux-x86_64-fedora-clang, r-devel-linux-x86_64-fedora-gcc, r-devel-windows-x86_64, r-patched-linux-x86_64, r-release-linux-x86_64, r-release-macos-arm64, r-release-macos-x86_64, r-release-windows-x86_64, r-oldrel-macos-arm64, r-oldrel-macos-x86_64, r-oldrel-windows-x86_64