Last updated on 2025-10-26 01:50:03 CEST.
| Flavor | Version | Tinstall | Tcheck | Ttotal | Status | Flags |
|---|---|---|---|---|---|---|
| r-devel-linux-x86_64-debian-clang | 0.1.2.1 | 1.50 | 17.65 | 19.15 | OK | |
| r-devel-linux-x86_64-debian-gcc | 0.1.2.1 | 1.30 | 14.36 | 15.66 | OK | |
| r-devel-linux-x86_64-fedora-clang | 0.1.2.1 | 28.36 | OK | |||
| r-devel-linux-x86_64-fedora-gcc | 0.1.2.1 | 25.95 | OK | |||
| r-devel-windows-x86_64 | 0.1.2.1 | 3.00 | 36.00 | 39.00 | OK | |
| r-patched-linux-x86_64 | 0.1.2.1 | 1.47 | 16.59 | 18.06 | OK | |
| r-release-linux-x86_64 | 0.1.2.1 | 1.45 | 16.38 | 17.83 | OK | |
| r-release-macos-arm64 | 0.1.2.1 | 1.00 | 13.00 | 14.00 | OK | |
| r-release-macos-x86_64 | 0.1.2.1 | 1.00 | 20.00 | 21.00 | OK | |
| r-release-windows-x86_64 | 0.1.2.1 | 3.00 | 46.00 | 49.00 | OK | |
| r-oldrel-macos-arm64 | 0.1.2.1 | 1.00 | 12.00 | 13.00 | NOTE | |
| r-oldrel-macos-x86_64 | 0.1.2.1 | 1.00 | 17.00 | 18.00 | NOTE | |
| r-oldrel-windows-x86_64 | 0.1.2.1 | 2.00 | 37.00 | 39.00 | NOTE |
Version: 0.1.2.1
Check: LazyData
Result: NOTE
'LazyData' is specified without a 'data' directory
Flavors: r-oldrel-macos-arm64, r-oldrel-macos-x86_64, r-oldrel-windows-x86_64