Last updated on 2025-11-26 17:50:09 CET.
| Flavor | Version | Tinstall | Tcheck | Ttotal | Status | Flags |
|---|---|---|---|---|---|---|
| r-devel-linux-x86_64-debian-clang | 3.4.3 | 2.37 | 23.19 | 25.56 | OK | |
| r-devel-linux-x86_64-debian-gcc | 3.4.3 | 1.97 | 19.25 | 21.22 | OK | |
| r-devel-linux-x86_64-fedora-clang | 3.4.3 | 38.72 | OK | |||
| r-devel-linux-x86_64-fedora-gcc | 3.4.3 | 36.17 | OK | |||
| r-devel-windows-x86_64 | 3.4.3 | 14.00 | 53.00 | 67.00 | OK | |
| r-patched-linux-x86_64 | 3.4.3 | 2.08 | 21.83 | 23.91 | OK | |
| r-release-linux-x86_64 | 3.4.3 | 2.17 | 21.32 | 23.49 | OK | |
| r-release-macos-arm64 | 3.4.3 | OK | ||||
| r-release-macos-x86_64 | 3.4.3 | 4.00 | 36.00 | 40.00 | OK | |
| r-release-windows-x86_64 | 3.4.3 | 10.00 | 55.00 | 65.00 | OK | |
| r-oldrel-macos-arm64 | 3.4.3 | OK | ||||
| r-oldrel-macos-x86_64 | 3.4.3 | 14.00 | 45.00 | 59.00 | OK | |
| r-oldrel-windows-x86_64 | 3.4.3 | 11.00 | 60.00 | 71.00 | NOTE |
Version: 3.4.3
Check: package dependencies
Result: NOTE
Package suggested but not available for checking: 'unix'
Flavor: r-oldrel-windows-x86_64