Last updated on 2025-10-26 05:50:14 CET.
| Flavor | Version | Tinstall | Tcheck | Ttotal | Status | Flags |
|---|---|---|---|---|---|---|
| r-devel-linux-x86_64-debian-clang | 0.2.7 | 124.88 | 58.69 | 183.57 | OK | |
| r-devel-linux-x86_64-debian-gcc | 0.2.7 | 95.41 | 50.61 | 146.02 | OK | |
| r-devel-linux-x86_64-fedora-clang | 0.2.7 | 480.00 | -192.56 | 287.44 | OK | |
| r-devel-linux-x86_64-fedora-gcc | 0.2.7 | 290.00 | 40.36 | 330.36 | OK | |
| r-devel-windows-x86_64 | 0.2.7 | 126.00 | 123.00 | 249.00 | OK | |
| r-patched-linux-x86_64 | 0.2.7 | 144.12 | 67.31 | 211.43 | OK | |
| r-release-linux-x86_64 | 0.2.7 | 143.90 | 66.07 | 209.97 | OK | |
| r-release-macos-arm64 | 0.2.7 | 62.00 | 32.00 | 94.00 | OK | |
| r-release-macos-x86_64 | 0.2.7 | 113.00 | 53.00 | 166.00 | OK | |
| r-release-windows-x86_64 | 0.2.7 | 122.00 | 131.00 | 253.00 | OK | |
| r-oldrel-macos-arm64 | 0.2.7 | 51.00 | 36.00 | 87.00 | NOTE | |
| r-oldrel-macos-x86_64 | 0.2.7 | 102.00 | 55.00 | 157.00 | NOTE | |
| r-oldrel-windows-x86_64 | 0.2.7 | 150.00 | 150.00 | 300.00 | NOTE |
Version: 0.2.7
Check: installed package size
Result: NOTE
installed size is 49.0Mb
sub-directories of 1Mb or more:
libs 48.5Mb
Flavors: r-oldrel-macos-arm64, r-oldrel-macos-x86_64, r-oldrel-windows-x86_64